Last updated on 2024-05-05 18:53:50 CEST.
Flavor | Version | Tinstall | Tcheck | Ttotal | Status | Flags |
---|---|---|---|---|---|---|
r-devel-linux-x86_64-debian-clang | 0.9.7.1 | 13.19 | 74.41 | 87.60 | NOTE | |
r-devel-linux-x86_64-debian-gcc | 0.9.7.1 | 9.14 | 54.47 | 63.61 | NOTE | |
r-devel-linux-x86_64-fedora-clang | 0.9.7.1 | 104.82 | NOTE | |||
r-devel-linux-x86_64-fedora-gcc | 0.9.7.1 | 102.40 | NOTE | |||
r-devel-windows-x86_64 | 0.9.7.1 | 14.00 | 73.00 | 87.00 | NOTE | |
r-patched-linux-x86_64 | 0.9.7.1 | 10.76 | 71.08 | 81.84 | NOTE | |
r-release-linux-x86_64 | 0.9.7.1 | 10.88 | 69.39 | 80.27 | NOTE | |
r-release-macos-arm64 | 0.9.7.1 | 32.00 | NOTE | |||
r-release-windows-x86_64 | 0.9.7.1 | 15.00 | 75.00 | 90.00 | NOTE | |
r-oldrel-macos-arm64 | 0.9.7.1 | 31.00 | OK | |||
r-oldrel-macos-x86_64 | 0.9.7.1 | 43.00 | OK | |||
r-oldrel-windows-x86_64 | 0.9.7.1 | 16.00 | 82.00 | 98.00 | OK |
Version: 0.9.7.1
Check: Rd files
Result: NOTE
checkRd: (-1) RUVIII.Rd:51: Lost braces
51 | If code{return.info} is \code{TRUE}, a list is returned that contains:
| ^
Flavors: r-devel-linux-x86_64-debian-clang, r-devel-linux-x86_64-debian-gcc, r-devel-linux-x86_64-fedora-clang, r-devel-linux-x86_64-fedora-gcc, r-devel-windows-x86_64, r-patched-linux-x86_64, r-release-linux-x86_64, r-release-macos-arm64, r-release-windows-x86_64