Last updated on 2024-04-18 18:58:02 CEST.
Flavor | Version | Tinstall | Tcheck | Ttotal | Status | Flags |
---|---|---|---|---|---|---|
r-devel-linux-x86_64-debian-clang | 0.6.3.1.1 | 151.31 | 84.27 | 235.58 | WARN | |
r-devel-linux-x86_64-debian-gcc | 0.6.3.1.1 | 140.78 | 63.98 | 204.76 | OK | |
r-devel-linux-x86_64-fedora-clang | 0.6.3.1.1 | 297.08 | NOTE | |||
r-devel-linux-x86_64-fedora-gcc | 0.6.3.1.1 | 371.88 | OK | |||
r-prerel-macos-arm64 | 0.6.3.1.1 | 83.00 | NOTE | |||
r-prerel-windows-x86_64 | 0.6.3.1.1 | 105.00 | 125.00 | 230.00 | NOTE | |
r-patched-linux-x86_64 | 0.6.3.1.1 | 170.44 | 85.30 | 255.74 | OK | |
r-release-linux-x86_64 | 0.6.3.1.1 | 166.30 | 86.36 | 252.66 | OK | |
r-release-macos-arm64 | 0.6.3.1.1 | 101.00 | NOTE | |||
r-release-macos-x86_64 | 0.6.3.1.1 | 154.00 | NOTE | |||
r-release-windows-x86_64 | 0.6.3.1.1 | 145.00 | 146.00 | 291.00 | NOTE | |
r-oldrel-macos-arm64 | 0.6.3.1.1 | 81.00 | NOTE | |||
r-oldrel-windows-x86_64 | 0.6.3.1.1 | 143.00 | 133.00 | 276.00 | NOTE |
Version: 0.6.3.1.1
Check: whether package can be installed
Result: WARN
Found the following significant warnings:
/usr/bin/../lib/gcc/x86_64-linux-gnu/14/../../../../include/c++/14/functional:558:2: warning: 'result_of<std::_Bind<(lambda at ../inst/include/vinecopulib/bicop/implementation/class.ipp:822:28) (vinecopulib::Bicop)> &()>' is deprecated: use 'std::invoke_result' instead [-Wdeprecated-declarations]
/usr/bin/../lib/gcc/x86_64-linux-gnu/14/../../../../include/c++/14/functional:558:2: warning: 'result_of<std::_Bind<(lambda at ../inst/include/vinecopulib/vinecop/implementation/tools_select.ipp:367:21) (unsigned long)> &()>' is deprecated: use 'std::invoke_result' instead [-Wdeprecated-declarations]
/usr/bin/../lib/gcc/x86_64-linux-gnu/14/../../../../include/c++/14/functional:558:2: warning: 'result_of<std::_Bind<(lambda at ../inst/include/vinecopulib/vinecop/implementation/tools_select.ipp:954:20) (boost::detail::edge_desc_impl<boost::undirected_tag, unsigned long>)> &()>' is deprecated: use 'std::invoke_result' instead [-Wdeprecated-declarations]
/usr/bin/../lib/gcc/x86_64-linux-gnu/14/../../../../include/c++/14/functional:558:2: warning: 'result_of<std::_Bind<(lambda at ../inst/include/vinecopulib/vinecop/implementation/class.ipp:770:19) (vinecopulib::tools_batch::Batch)> &()>' is deprecated: use 'std::invoke_result' instead [-Wdeprecated-declarations]
/usr/bin/../lib/gcc/x86_64-linux-gnu/14/../../../../include/c++/14/functional:558:2: warning: 'result_of<std::_Bind<(lambda at ../inst/include/vinecopulib/vinecop/implementation/class.ipp:1090:19) (vinecopulib::tools_batch::Batch)> &()>' is deprecated: use 'std::invoke_result' instead [-Wdeprecated-declarations]
/usr/bin/../lib/gcc/x86_64-linux-gnu/14/../../../../include/c++/14/functional:558:2: warning: 'result_of<std::_Bind<(lambda at ../inst/include/vinecopulib/vinecop/implementation/class.ipp:1206:19) (vinecopulib::tools_batch::Batch)> &()>' is deprecated: use 'std::invoke_result' instead [-Wdeprecated-declarations]
/usr/bin/../lib/gcc/x86_64-linux-gnu/14/../../../../include/c++/14/functional:558:2: warning: 'result_of<(lambda at /home/hornik/tmp/R.check/r-devel-clang/Work/build/Packages/RcppThread/include/RcppThread/ThreadPool.hpp:187:24) &()>' is deprecated: use 'std::invoke_result' instead [-Wdeprecated-declarations]
/usr/bin/../lib/gcc/x86_64-linux-gnu/14/../../../../include/c++/14/functional:558:2: warning: 'result_of<std::_Bind<(lambda at /home/hornik/tmp/R.check/r-devel-clang/Work/build/Packages/RcppThread/include/RcppThread/ThreadPool.hpp:187:24) ()> &()>' is deprecated: use 'std::invoke_result' instead [-Wdeprecated-declarations]
/usr/bin/../lib/gcc/x86_64-linux-gnu/14/../../../../include/c++/14/functional:558:2: warning: 'result_of<(lambda at /home/hornik/tmp/R.check/r-devel-clang/Work/build/Packages/RcppThread/include/RcppThread/ThreadPool.hpp:200:24) &()>' is deprecated: use 'std::invoke_result' instead [-Wdeprecated-declarations]
/usr/bin/../lib/gcc/x86_64-linux-gnu/14/../../../../include/c++/14/functional:558:2: warning: 'result_of<std::_Bind<(lambda at /home/hornik/tmp/R.check/r-devel-clang/Work/build/Packages/RcppThread/include/RcppThread/ThreadPool.hpp:200:24) ()> &()>' is deprecated: use 'std::invoke_result' instead [-Wdeprecated-declarations]
See ‘/home/hornik/tmp/R.check/r-devel-clang/Work/PKGS/rvinecopulib.Rcheck/00install.out’ for details.
* used C++ compiler: ‘Debian clang version 18.1.0 (rc4-1)’
Flavor: r-devel-linux-x86_64-debian-clang
Version: 0.6.3.1.1
Check: installed package size
Result: NOTE
installed size is 10.4Mb
sub-directories of 1Mb or more:
include 5.0Mb
libs 5.0Mb
Flavors: r-devel-linux-x86_64-fedora-clang, r-prerel-macos-arm64, r-prerel-windows-x86_64, r-release-macos-arm64, r-release-macos-x86_64, r-release-windows-x86_64, r-oldrel-macos-arm64, r-oldrel-windows-x86_64
Version: 0.6.3.1.1
Check: Rd cross-references
Result: NOTE
Undeclared package ‘wdm’ in Rd xrefs
Flavor: r-devel-linux-x86_64-fedora-clang