Last updated on 2024-04-19 19:50:26 CEST.
Flavor | Version | Tinstall | Tcheck | Ttotal | Status | Flags |
---|---|---|---|---|---|---|
r-devel-linux-x86_64-debian-clang | 3.1-40 | 8.24 | 62.91 | 71.15 | NOTE | |
r-devel-linux-x86_64-debian-gcc | 3.1-40 | NOTE | ||||
r-devel-linux-x86_64-fedora-clang | 3.1-40 | 86.74 | NOTE | |||
r-devel-linux-x86_64-fedora-gcc | 3.1-40 | 85.95 | NOTE | |||
r-prerel-macos-arm64 | 3.1-40 | 27.00 | NOTE | |||
r-prerel-windows-x86_64 | 3.1-40 | 7.00 | 77.00 | 84.00 | NOTE | |
r-patched-linux-x86_64 | 3.1-40 | 7.91 | 59.75 | 67.66 | NOTE | |
r-release-linux-x86_64 | 3.1-40 | 5.39 | 60.90 | 66.29 | OK | |
r-release-macos-arm64 | 3.1-40 | 32.00 | OK | |||
r-release-macos-x86_64 | 3.1-40 | 52.00 | OK | |||
r-release-windows-x86_64 | 3.1-40 | 8.00 | 85.00 | 93.00 | OK | |
r-oldrel-macos-arm64 | 3.1-40 | 34.00 | OK | |||
r-oldrel-windows-x86_64 | 3.1-40 | 9.00 | 77.00 | 86.00 | OK |
Version: 3.1-40
Check: Rd files
Result: NOTE
checkRd: (-1) ciReg.Rd:10: Lost braces
10 | \item{fit}{an object of class{lm}, i.e. the output from \code{\link{lm}}.}
| ^
Flavors: r-devel-linux-x86_64-debian-clang, r-devel-linux-x86_64-debian-gcc, r-devel-linux-x86_64-fedora-clang, r-devel-linux-x86_64-fedora-gcc, r-prerel-macos-arm64, r-prerel-windows-x86_64, r-patched-linux-x86_64