Last updated on 2024-05-07 18:49:59 CEST.
Flavor | Version | Tinstall | Tcheck | Ttotal | Status | Flags |
---|---|---|---|---|---|---|
r-devel-linux-x86_64-debian-clang | 1.0.0 | 19.40 | 48.78 | 68.18 | OK | |
r-devel-linux-x86_64-debian-gcc | 1.0.0 | 20.20 | 39.53 | 59.73 | OK | |
r-devel-linux-x86_64-fedora-clang | 1.0.0 | 91.86 | NOTE | |||
r-devel-linux-x86_64-fedora-gcc | 1.0.0 | 94.31 | NOTE | |||
r-devel-windows-x86_64 | 1.0.0 | 24.00 | 64.00 | 88.00 | OK | |
r-patched-linux-x86_64 | 1.0.0 | 17.68 | 49.34 | 67.02 | OK | |
r-release-linux-x86_64 | 1.0.0 | 19.06 | 47.32 | 66.38 | OK | |
r-release-macos-arm64 | 1.0.0 | 39.00 | OK | |||
r-release-windows-x86_64 | 1.0.0 | 23.00 | 60.00 | 83.00 | OK | |
r-oldrel-macos-arm64 | 1.0.0 | 43.00 | OK | |||
r-oldrel-macos-x86_64 | 1.0.0 | 77.00 | OK | |||
r-oldrel-windows-x86_64 | 1.0.0 | 25.00 | 75.00 | 100.00 | OK |
Version: 1.0.0
Check: data for non-ASCII characters
Result: NOTE
Note: found 3 marked Latin-1 strings
Flavors: r-devel-linux-x86_64-fedora-clang, r-devel-linux-x86_64-fedora-gcc