Last updated on 2024-05-07 06:56:08 CEST.
Flavor | Version | Tinstall | Tcheck | Ttotal | Status | Flags |
---|---|---|---|---|---|---|
r-devel-linux-x86_64-debian-clang | 0.6.2 | 0.86 | 2.23 | 3.09 | ERROR | |
r-devel-linux-x86_64-debian-gcc | 0.6.2 | 26.77 | 371.42 | 398.19 | OK | |
r-devel-linux-x86_64-fedora-clang | 0.6.2 | 754.06 | OK | |||
r-devel-linux-x86_64-fedora-gcc | 0.6.2 | 759.96 | OK | |||
r-devel-windows-x86_64 | 0.6.2 | 33.00 | 334.00 | 367.00 | OK | |
r-patched-linux-x86_64 | 0.6.2 | 27.89 | 496.61 | 524.50 | OK | |
r-release-linux-x86_64 | 0.6.2 | 22.49 | 503.89 | 526.38 | OK | |
r-release-macos-arm64 | 0.6.2 | 179.00 | OK | |||
r-release-macos-x86_64 | 0.6.2 | 516.00 | OK | |||
r-release-windows-x86_64 | 0.6.2 | 32.00 | 327.00 | 359.00 | OK | |
r-oldrel-macos-arm64 | 0.6.2 | 185.00 | OK | |||
r-oldrel-macos-x86_64 | 0.6.2 | 395.00 | OK | |||
r-oldrel-windows-x86_64 | 0.6.2 | 45.00 | 442.00 | 487.00 | OK |
Version: 0.6.2
Check: package dependencies
Result: ERROR
Packages required but not available: 'GenomicRanges', 'Rsamtools'
See section ‘The DESCRIPTION file’ in the ‘Writing R Extensions’
manual.
Flavor: r-devel-linux-x86_64-debian-clang