Last updated on 2024-05-07 06:56:07 CEST.
Flavor | Version | Tinstall | Tcheck | Ttotal | Status | Flags |
---|---|---|---|---|---|---|
r-devel-linux-x86_64-debian-clang | 0.0.1 | 8.90 | 80.85 | 89.75 | NOTE | |
r-devel-linux-x86_64-debian-gcc | 0.0.1 | 6.75 | 60.39 | 67.14 | NOTE | |
r-devel-linux-x86_64-fedora-clang | 0.0.1 | 120.69 | NOTE | |||
r-devel-linux-x86_64-fedora-gcc | 0.0.1 | 179.40 | NOTE | |||
r-devel-windows-x86_64 | 0.0.1 | 8.00 | 75.00 | 83.00 | NOTE | |
r-patched-linux-x86_64 | 0.0.1 | 9.61 | 78.59 | 88.20 | NOTE | |
r-release-linux-x86_64 | 0.0.1 | 7.63 | 77.00 | 84.63 | NOTE | |
r-release-macos-arm64 | 0.0.1 | 41.00 | NOTE | |||
r-release-windows-x86_64 | 0.0.1 | 9.00 | 75.00 | 84.00 | NOTE | |
r-oldrel-macos-arm64 | 0.0.1 | 42.00 | NOTE | |||
r-oldrel-macos-x86_64 | 0.0.1 | 67.00 | NOTE | |||
r-oldrel-windows-x86_64 | 0.0.1 | 10.00 | 88.00 | 98.00 | NOTE |
Version: 0.0.1
Check: LazyData
Result: NOTE
'LazyData' is specified without a 'data' directory
Flavors: r-devel-linux-x86_64-debian-clang, r-devel-linux-x86_64-debian-gcc, r-devel-linux-x86_64-fedora-clang, r-devel-linux-x86_64-fedora-gcc, r-devel-windows-x86_64, r-patched-linux-x86_64, r-release-linux-x86_64, r-release-macos-arm64, r-release-windows-x86_64, r-oldrel-macos-arm64, r-oldrel-macos-x86_64, r-oldrel-windows-x86_64