Last updated on 2024-04-23 18:51:10 CEST.
Flavor | Version | Tinstall | Tcheck | Ttotal | Status | Flags |
---|---|---|---|---|---|---|
r-devel-linux-x86_64-debian-clang | 1.1.1 | 142.15 | 121.33 | 263.48 | NOTE | |
r-devel-linux-x86_64-debian-gcc | 1.1.1 | 119.16 | 90.27 | 209.43 | NOTE | |
r-devel-linux-x86_64-fedora-clang | 1.1.1 | 388.13 | NOTE | |||
r-devel-linux-x86_64-fedora-gcc | 1.1.1 | 402.09 | NOTE | |||
r-prerel-macos-arm64 | 1.1.1 | 83.00 | NOTE | |||
r-prerel-windows-x86_64 | 1.1.1 | 119.00 | 127.00 | 246.00 | NOTE | |
r-patched-linux-x86_64 | 1.1.1 | 157.41 | 116.05 | 273.46 | NOTE | |
r-release-linux-x86_64 | 1.1.1 | 105.72 | 117.60 | 223.32 | NOTE | |
r-release-macos-arm64 | 1.1.1 | 99.00 | NOTE | |||
r-release-macos-x86_64 | 1.1.1 | 167.00 | NOTE | |||
r-release-windows-x86_64 | 1.1.1 | 142.00 | 155.00 | 297.00 | NOTE | |
r-oldrel-macos-arm64 | 1.1.1 | 77.00 | OK | |||
r-oldrel-windows-x86_64 | 1.1.1 | 140.00 | 142.00 | 282.00 | OK |
Version: 1.1.1
Check: C++ specification
Result: NOTE
Specified C++11: please drop specification unless essential
Flavors: r-devel-linux-x86_64-debian-clang, r-devel-linux-x86_64-debian-gcc, r-devel-linux-x86_64-fedora-clang, r-devel-linux-x86_64-fedora-gcc, r-prerel-macos-arm64, r-prerel-windows-x86_64, r-patched-linux-x86_64, r-release-linux-x86_64, r-release-macos-arm64, r-release-macos-x86_64, r-release-windows-x86_64