Last updated on 2024-04-26 18:55:16 CEST.
Flavor | Version | Tinstall | Tcheck | Ttotal | Status | Flags |
---|---|---|---|---|---|---|
r-devel-linux-x86_64-debian-clang | 2.3.3 | 10.99 | 126.59 | 137.58 | NOTE | |
r-devel-linux-x86_64-debian-gcc | 2.3.3 | 9.18 | 91.80 | 100.98 | NOTE | |
r-devel-linux-x86_64-fedora-clang | 2.3.3 | 169.65 | NOTE | |||
r-devel-linux-x86_64-fedora-gcc | 2.3.3 | 175.56 | NOTE | |||
r-devel-windows-x86_64 | 2.3.3 | 11.00 | 142.00 | 153.00 | NOTE | |
r-patched-linux-x86_64 | 2.3.3 | 7.88 | 119.86 | 127.74 | NOTE | |
r-release-linux-x86_64 | 2.3.3 | 7.10 | 116.29 | 123.39 | NOTE | |
r-release-macos-arm64 | 2.3.3 | 61.00 | NOTE | |||
r-release-windows-x86_64 | 2.3.3 | 11.00 | 141.00 | 152.00 | NOTE | |
r-oldrel-macos-arm64 | 2.3.3 | 67.00 | NOTE | |||
r-oldrel-macos-x86_64 | 2.3.3 | 94.00 | NOTE | |||
r-oldrel-windows-x86_64 | 2.3.3 | 15.00 | 152.00 | 167.00 | NOTE |
Version: 2.3.3
Check: Rd files
Result: NOTE
checkRd: (-1) getSigmaR.Rd:13-14: Lost braces
13 | \item{digits}{digits}{number of decimal places to use when rounding,
| ^
checkRd: (-1) x.oreo.Rd:48: Escaped LaTeX specials: \_ \_
Flavors: r-devel-linux-x86_64-debian-clang, r-devel-linux-x86_64-debian-gcc, r-devel-linux-x86_64-fedora-clang, r-devel-linux-x86_64-fedora-gcc, r-devel-windows-x86_64, r-patched-linux-x86_64, r-release-macos-arm64, r-release-windows-x86_64
Version: 2.3.3
Check: Rd files
Result: NOTE
checkRd: (-1) x.oreo.Rd:48: Escaped LaTeX specials: \_ \_
Flavors: r-release-linux-x86_64, r-oldrel-macos-arm64, r-oldrel-macos-x86_64, r-oldrel-windows-x86_64