Last updated on 2024-05-07 06:56:08 CEST.
Flavor | Version | Tinstall | Tcheck | Ttotal | Status | Flags |
---|---|---|---|---|---|---|
r-devel-linux-x86_64-debian-clang | 1.0.5 | 74.00 | 75.48 | 149.48 | OK | |
r-devel-linux-x86_64-debian-gcc | 1.0.5 | 55.05 | 57.25 | 112.30 | OK | |
r-devel-windows-x86_64 | 1.0.5 | 64.00 | 100.00 | 164.00 | OK | |
r-patched-linux-x86_64 | 1.0.5 | 68.43 | 74.53 | 142.96 | OK | |
r-release-linux-x86_64 | 1.0.5 | 69.33 | 74.05 | 143.38 | OK | |
r-release-macos-arm64 | 1.0.5 | 46.00 | NOTE | |||
r-release-macos-x86_64 | 1.0.5 | 99.00 | NOTE | |||
r-release-windows-x86_64 | 1.0.5 | 61.00 | 100.00 | 161.00 | OK | |
r-oldrel-macos-arm64 | 1.0.5 | 50.00 | NOTE | |||
r-oldrel-macos-x86_64 | 1.0.5 | 88.00 | NOTE | |||
r-oldrel-windows-x86_64 | 1.0.5 | 74.00 | 118.00 | 192.00 | OK |
Version: 1.0.5
Check: installed package size
Result: NOTE
installed size is 5.6Mb
sub-directories of 1Mb or more:
libs 4.8Mb
Flavors: r-release-macos-arm64, r-release-macos-x86_64, r-oldrel-macos-arm64, r-oldrel-macos-x86_64