Last updated on 2024-04-25 06:54:31 CEST.
Flavor | Version | Tinstall | Tcheck | Ttotal | Status | Flags |
---|---|---|---|---|---|---|
r-devel-linux-x86_64-debian-clang | 3.2.4 | 9.94 | 25.47 | 35.41 | NOTE | |
r-devel-linux-x86_64-debian-gcc | 3.2.4 | 11.70 | 20.23 | 31.93 | NOTE | |
r-devel-linux-x86_64-fedora-clang | 3.2.4 | 46.28 | NOTE | |||
r-devel-linux-x86_64-fedora-gcc | 3.2.4 | 54.97 | NOTE | |||
r-devel-windows-x86_64 | 3.2.4 | 29.00 | 44.00 | 73.00 | NOTE | |
r-patched-linux-x86_64 | 3.2.4 | 14.08 | 24.66 | 38.74 | NOTE | |
r-release-linux-x86_64 | 3.2.4 | 13.55 | 24.79 | 38.34 | NOTE | |
r-release-macos-arm64 | 3.2.4 | 20.00 | NOTE | |||
r-release-windows-x86_64 | 3.2.4 | 27.00 | 44.00 | 71.00 | NOTE | |
r-oldrel-macos-arm64 | 3.2.4 | 22.00 | NOTE | |||
r-oldrel-macos-x86_64 | 3.2.4 | 30.00 | NOTE | |||
r-oldrel-windows-x86_64 | 3.2.4 | 30.00 | 46.00 | 76.00 | NOTE |
Version: 3.2.4
Check: for GNU extensions in Makefiles
Result: NOTE
GNU make is a SystemRequirements.
Flavors: r-devel-linux-x86_64-debian-clang, r-devel-linux-x86_64-debian-gcc, r-devel-linux-x86_64-fedora-clang, r-devel-linux-x86_64-fedora-gcc, r-devel-windows-x86_64, r-patched-linux-x86_64, r-release-linux-x86_64, r-release-macos-arm64, r-release-windows-x86_64, r-oldrel-macos-arm64, r-oldrel-macos-x86_64, r-oldrel-windows-x86_64