Last updated on 2024-04-19 19:50:27 CEST.
Flavor | Version | Tinstall | Tcheck | Ttotal | Status | Flags |
---|---|---|---|---|---|---|
r-devel-linux-x86_64-debian-clang | 3.1-15 | 21.18 | 138.89 | 160.07 | NOTE | |
r-devel-linux-x86_64-debian-gcc | 3.1-15 | NOTE | ||||
r-devel-linux-x86_64-fedora-clang | 3.1-15 | 208.81 | NOTE | |||
r-devel-linux-x86_64-fedora-gcc | 3.1-15 | 200.82 | NOTE | |||
r-prerel-macos-arm64 | 3.1-15 | 56.00 | NOTE | |||
r-prerel-windows-x86_64 | 3.1-15 | 24.00 | 121.00 | 145.00 | NOTE | |
r-patched-linux-x86_64 | 3.1-15 | 37.04 | 137.93 | 174.97 | NOTE | |
r-release-linux-x86_64 | 3.1-15 | 20.97 | 140.62 | 161.59 | OK | |
r-release-macos-arm64 | 3.1-15 | 63.00 | OK | |||
r-release-macos-x86_64 | 3.1-15 | 103.00 | OK | |||
r-release-windows-x86_64 | 3.1-15 | 31.00 | 159.00 | 190.00 | OK | |
r-oldrel-macos-arm64 | 3.1-15 | 60.00 | OK | |||
r-oldrel-windows-x86_64 | 3.1-15 | 31.00 | 165.00 | 196.00 | OK |
Version: 3.1-15
Check: Rd files
Result: NOTE
checkRd: (-1) information.criteria.Rd:33: Lost braces
33 | \emph{Psychometrika} bold{52}, 345--370.
| ^
checkRd: (-1) specifyModel.Rd:49: Lost braces
49 | to specifying the ]code{file} argument or reading the model specification from
| ^
Flavors: r-devel-linux-x86_64-debian-clang, r-devel-linux-x86_64-debian-gcc, r-devel-linux-x86_64-fedora-clang, r-devel-linux-x86_64-fedora-gcc, r-prerel-macos-arm64, r-prerel-windows-x86_64, r-patched-linux-x86_64