Last updated on 2024-03-28 17:49:42 CET.
Flavor | Version | Tinstall | Tcheck | Ttotal | Status | Flags |
---|---|---|---|---|---|---|
r-devel-linux-x86_64-debian-clang | 0.8.5 | 20.53 | 242.44 | 262.97 | NOTE | |
r-devel-linux-x86_64-debian-gcc | 0.8.5 | 16.95 | 180.84 | 197.79 | NOTE | |
r-devel-linux-x86_64-fedora-clang | 0.8.5 | 331.52 | NOTE | |||
r-devel-linux-x86_64-fedora-gcc | 0.8.5 | 348.83 | NOTE | |||
r-devel-windows-x86_64 | 0.8.5 | 22.00 | 193.00 | 215.00 | NOTE | |
r-patched-linux-x86_64 | 0.8.5 | 27.81 | 236.29 | 264.10 | NOTE | |
r-release-linux-x86_64 | 0.8.5 | 26.36 | 239.03 | 265.39 | OK | |
r-release-macos-arm64 | 0.8.5 | 124.00 | OK | |||
r-release-macos-x86_64 | 0.8.5 | 194.00 | OK | |||
r-release-windows-x86_64 | 0.8.5 | 29.00 | 249.00 | 278.00 | OK | |
r-oldrel-macos-arm64 | 0.8.5 | 114.00 | OK | |||
r-oldrel-windows-x86_64 | 0.8.5 | 29.00 | 241.00 | 270.00 | OK |
Version: 0.8.5
Check: Rd files
Result: NOTE
checkRd: (-1) match_dataphy.Rd:37-38: Lost braces in \itemize; meant \describe ?
checkRd: (-1) match_dataphy.Rd:39-41: Lost braces in \itemize; meant \describe ?
checkRd: (-1) match_dataphy.Rd:42-44: Lost braces in \itemize; meant \describe ?
Flavors: r-devel-linux-x86_64-debian-clang, r-devel-linux-x86_64-debian-gcc, r-devel-linux-x86_64-fedora-clang, r-devel-linux-x86_64-fedora-gcc, r-devel-windows-x86_64, r-patched-linux-x86_64