Last updated on 2024-05-07 18:50:00 CEST.
Flavor | Version | Tinstall | Tcheck | Ttotal | Status | Flags |
---|---|---|---|---|---|---|
r-devel-linux-x86_64-debian-clang | 0.1.1 | 10.86 | 92.60 | 103.46 | OK | |
r-devel-linux-x86_64-debian-gcc | 0.1.1 | 8.12 | 69.80 | 77.92 | OK | |
r-devel-linux-x86_64-fedora-clang | 0.1.1 | 135.77 | NOTE | |||
r-devel-linux-x86_64-fedora-gcc | 0.1.1 | 193.10 | NOTE | |||
r-devel-windows-x86_64 | 0.1.1 | 10.00 | 91.00 | 101.00 | OK | |
r-patched-linux-x86_64 | 0.1.1 | 10.61 | 85.87 | 96.48 | OK | |
r-release-linux-x86_64 | 0.1.1 | 11.38 | 90.88 | 102.26 | OK | |
r-release-macos-arm64 | 0.1.1 | 43.00 | OK | |||
r-release-windows-x86_64 | 0.1.1 | 12.00 | 90.00 | 102.00 | OK | |
r-oldrel-macos-arm64 | 0.1.1 | 47.00 | OK | |||
r-oldrel-macos-x86_64 | 0.1.1 | 79.00 | OK | |||
r-oldrel-windows-x86_64 | 0.1.1 | 13.00 | 107.00 | 120.00 | OK |
Version: 0.1.1
Check: data for non-ASCII characters
Result: NOTE
Note: found 836 marked UTF-8 strings
Flavors: r-devel-linux-x86_64-fedora-clang, r-devel-linux-x86_64-fedora-gcc