Last updated on 2024-05-07 18:50:00 CEST.
Flavor | Version | Tinstall | Tcheck | Ttotal | Status | Flags |
---|---|---|---|---|---|---|
r-devel-linux-x86_64-debian-clang | 1.0.1 | 138.66 | 73.21 | 211.87 | WARN | |
r-devel-linux-x86_64-debian-gcc | 1.0.1 | 111.82 | 52.54 | 164.36 | NOTE | |
r-devel-linux-x86_64-fedora-clang | 1.0.1 | 304.43 | NOTE | |||
r-devel-linux-x86_64-fedora-gcc | 1.0.1 | 360.19 | NOTE | |||
r-devel-windows-x86_64 | 1.0.1 | 110.00 | 102.00 | 212.00 | NOTE | |
r-patched-linux-x86_64 | 1.0.1 | 103.12 | 65.33 | 168.45 | NOTE | |
r-release-linux-x86_64 | 1.0.1 | 102.24 | 69.58 | 171.82 | NOTE | |
r-release-macos-arm64 | 1.0.1 | 63.00 | NOTE | |||
r-release-windows-x86_64 | 1.0.1 | 108.00 | 100.00 | 208.00 | NOTE | |
r-oldrel-macos-arm64 | 1.0.1 | 78.00 | NOTE | |||
r-oldrel-macos-x86_64 | 1.0.1 | 120.00 | NOTE | |||
r-oldrel-windows-x86_64 | 1.0.1 | 129.00 | 119.00 | 248.00 | NOTE |
Version: 1.0.1
Check: whether package can be installed
Result: WARN
Found the following significant warnings:
D_optimal.cpp:54:18: warning: using integer absolute value function 'abs' when argument is of floating point type [-Wabsolute-value]
QIC.cpp:53:18: warning: using integer absolute value function 'abs' when argument is of floating point type [-Wabsolute-value]
getMH.cpp:53:18: warning: using integer absolute value function 'abs' when argument is of floating point type [-Wabsolute-value]
See ‘/home/hornik/tmp/R.check/r-devel-clang/Work/PKGS/seqest.Rcheck/00install.out’ for details.
* used C++ compiler: ‘Debian clang version 18.1.5 (2)’
Flavor: r-devel-linux-x86_64-debian-clang
Version: 1.0.1
Check: C++ specification
Result: NOTE
Specified C++11: please drop specification unless essential
Flavors: r-devel-linux-x86_64-debian-clang, r-devel-linux-x86_64-debian-gcc, r-devel-linux-x86_64-fedora-clang, r-devel-linux-x86_64-fedora-gcc, r-devel-windows-x86_64, r-patched-linux-x86_64, r-release-linux-x86_64, r-release-macos-arm64, r-release-windows-x86_64, r-oldrel-macos-arm64, r-oldrel-macos-x86_64, r-oldrel-windows-x86_64
Version: 1.0.1
Check: LazyData
Result: NOTE
'LazyData' is specified without a 'data' directory
Flavors: r-devel-linux-x86_64-debian-clang, r-devel-linux-x86_64-debian-gcc, r-devel-linux-x86_64-fedora-clang, r-devel-linux-x86_64-fedora-gcc, r-devel-windows-x86_64, r-patched-linux-x86_64, r-release-linux-x86_64, r-release-macos-arm64, r-release-windows-x86_64, r-oldrel-macos-arm64, r-oldrel-macos-x86_64, r-oldrel-windows-x86_64