Last updated on 2024-03-28 17:49:42 CET.
Flavor | Version | Tinstall | Tcheck | Ttotal | Status | Flags |
---|---|---|---|---|---|---|
r-devel-linux-x86_64-debian-clang | 2.9.0 | 91.74 | 203.99 | 295.73 | OK | |
r-devel-linux-x86_64-debian-gcc | 2.9.0 | 63.79 | 144.15 | 207.94 | OK | |
r-devel-linux-x86_64-fedora-clang | 2.9.0 | 391.20 | NOTE | |||
r-devel-linux-x86_64-fedora-gcc | 2.9.0 | 383.98 | OK | |||
r-devel-windows-x86_64 | 2.9.0 | 63.00 | 244.00 | 307.00 | OK | |
r-patched-linux-x86_64 | 2.9.0 | 93.80 | 190.24 | 284.04 | OK | |
r-release-linux-x86_64 | 2.9.0 | 76.96 | 186.25 | 263.21 | OK | |
r-release-macos-arm64 | 2.9.0 | 122.00 | OK | |||
r-release-macos-x86_64 | 2.9.0 | 313.00 | OK | |||
r-release-windows-x86_64 | 2.9.0 | 80.00 | 253.00 | 333.00 | OK | |
r-oldrel-macos-arm64 | 2.9.0 | 145.00 | OK | |||
r-oldrel-windows-x86_64 | 2.9.0 | 71.00 | 252.00 | 323.00 | OK |
Version: 2.9.0
Check: installed package size
Result: NOTE
installed size is 8.5Mb
sub-directories of 1Mb or more:
doc 1.9Mb
libs 5.6Mb
Flavor: r-devel-linux-x86_64-fedora-clang