Last updated on 2024-05-07 18:50:01 CEST.
Flavor | Version | Tinstall | Tcheck | Ttotal | Status | Flags |
---|---|---|---|---|---|---|
r-devel-linux-x86_64-debian-clang | 1.2.2 | 12.63 | 100.65 | 113.28 | OK | |
r-devel-linux-x86_64-debian-gcc | 1.2.2 | 9.80 | 71.97 | 81.77 | OK | |
r-devel-linux-x86_64-fedora-clang | 1.2.2 | 136.35 | NOTE | |||
r-devel-linux-x86_64-fedora-gcc | 1.2.2 | 201.38 | NOTE | |||
r-devel-windows-x86_64 | 1.2.2 | 11.00 | 90.00 | 101.00 | OK | |
r-patched-linux-x86_64 | 1.2.2 | 12.45 | 92.60 | 105.05 | OK | |
r-release-linux-x86_64 | 1.2.2 | 9.20 | 95.28 | 104.48 | OK | |
r-release-macos-arm64 | 1.2.2 | 44.00 | OK | |||
r-release-macos-x86_64 | 1.2.2 | 146.00 | OK | |||
r-release-windows-x86_64 | 1.2.2 | 10.00 | 91.00 | 101.00 | OK | |
r-oldrel-macos-arm64 | 1.2.2 | 48.00 | OK | |||
r-oldrel-macos-x86_64 | 1.2.2 | 105.00 | OK | |||
r-oldrel-windows-x86_64 | 1.2.2 | 14.00 | 105.00 | 119.00 | OK |
Version: 1.2.2
Check: dependencies in R code
Result: NOTE
Namespace in Imports field not imported from: ‘quadprog’
All declared Imports should be used.
Flavors: r-devel-linux-x86_64-fedora-clang, r-devel-linux-x86_64-fedora-gcc