Last updated on 2024-05-07 18:50:01 CEST.
Flavor | Version | Tinstall | Tcheck | Ttotal | Status | Flags |
---|---|---|---|---|---|---|
r-devel-linux-x86_64-debian-clang | 1.0-12 | 5.77 | 88.78 | 94.55 | OK | |
r-devel-linux-x86_64-debian-gcc | 1.0-12 | 5.51 | 67.85 | 73.36 | OK | |
r-devel-linux-x86_64-fedora-clang | 1.0-12 | 121.08 | OK | |||
r-devel-linux-x86_64-fedora-gcc | 1.0-12 | 152.09 | OK | |||
r-devel-windows-x86_64 | 1.0-12 | 7.00 | 103.00 | 110.00 | OK | |
r-patched-linux-x86_64 | 1.0-12 | 8.23 | 84.57 | 92.80 | OK | |
r-release-linux-x86_64 | 1.0-12 | 5.51 | 87.36 | 92.87 | OK | |
r-release-macos-arm64 | 1.0-12 | 49.00 | NOTE | |||
r-release-windows-x86_64 | 1.0-12 | 6.00 | 102.00 | 108.00 | OK | |
r-oldrel-macos-arm64 | 1.0-12 | 66.00 | NOTE | |||
r-oldrel-macos-x86_64 | 1.0-12 | 127.00 | NOTE | |||
r-oldrel-windows-x86_64 | 1.0-12 | 8.00 | 124.00 | 132.00 | OK |
Version: 1.0-12
Check: package dependencies
Result: NOTE
Package suggested but not available for checking: ‘Rmpi’
Flavors: r-release-macos-arm64, r-oldrel-macos-arm64, r-oldrel-macos-x86_64
Version: 1.0-12
Check: Rd cross-references
Result: NOTE
Package unavailable to check Rd xrefs: ‘Rmpi’
Flavors: r-release-macos-arm64, r-oldrel-macos-arm64, r-oldrel-macos-x86_64