Last updated on 2024-04-23 06:57:15 CEST.
Flavor | Version | Tinstall | Tcheck | Ttotal | Status | Flags |
---|---|---|---|---|---|---|
r-devel-linux-x86_64-debian-clang | 1.4.0 | 11.57 | 154.34 | 165.91 | NOTE | |
r-devel-linux-x86_64-debian-gcc | 1.4.0 | 9.57 | 113.66 | 123.23 | NOTE | |
r-devel-linux-x86_64-fedora-clang | 1.4.0 | 215.00 | NOTE | |||
r-devel-linux-x86_64-fedora-gcc | 1.4.0 | 208.62 | NOTE | |||
r-prerel-macos-arm64 | 1.4.0 | 72.00 | NOTE | |||
r-prerel-windows-x86_64 | 1.4.0 | 11.00 | 141.00 | 152.00 | NOTE | |
r-patched-linux-x86_64 | 1.4.0 | 14.46 | 147.70 | 162.16 | NOTE | |
r-release-linux-x86_64 | 1.4.0 | 10.42 | 147.31 | 157.73 | OK | |
r-release-macos-arm64 | 1.4.0 | 58.00 | OK | |||
r-release-macos-x86_64 | 1.4.0 | 125.00 | OK | |||
r-release-windows-x86_64 | 1.4.0 | 16.00 | 167.00 | 183.00 | OK | |
r-oldrel-macos-arm64 | 1.4.0 | 57.00 | OK | |||
r-oldrel-windows-x86_64 | 1.4.0 | 14.00 | 160.00 | 174.00 | OK |
Version: 1.4.0
Check: Rd files
Result: NOTE
checkRd: (-1) sitar-package.Rd:27: Lost braces; missing escapes or markup?
27 | individual curves, adjusted for {abcd} to lie on top of (i.e. be
| ^
checkRd: (-1) sitar.Rd:110: Lost braces; missing escapes or markup?
110 | \code{\link{nlme}}) (default {nlmeControl(returnObject = TRUE)}).}
| ^
Flavors: r-devel-linux-x86_64-debian-clang, r-devel-linux-x86_64-debian-gcc, r-devel-linux-x86_64-fedora-clang, r-devel-linux-x86_64-fedora-gcc, r-prerel-macos-arm64, r-prerel-windows-x86_64, r-patched-linux-x86_64