Last updated on 2024-03-28 17:49:43 CET.
Flavor | Version | Tinstall | Tcheck | Ttotal | Status | Flags |
---|---|---|---|---|---|---|
r-devel-linux-x86_64-debian-clang | 1.8.3 | 58.20 | 315.55 | 373.75 | NOTE | |
r-devel-linux-x86_64-debian-gcc | 1.8.3 | 44.44 | 211.57 | 256.01 | NOTE | |
r-devel-linux-x86_64-fedora-clang | 1.8.3 | 452.55 | NOTE | |||
r-devel-linux-x86_64-fedora-gcc | 1.8.3 | 489.08 | NOTE | |||
r-devel-windows-x86_64 | 1.8.3 | 44.00 | 272.00 | 316.00 | NOTE | |
r-patched-linux-x86_64 | 1.8.3 | 55.01 | 296.68 | 351.69 | NOTE | |
r-release-linux-x86_64 | 1.8.3 | 55.57 | 307.45 | 363.02 | OK | |
r-release-macos-arm64 | 1.8.3 | 169.00 | OK | |||
r-release-macos-x86_64 | 1.8.3 | 356.00 | OK | |||
r-release-windows-x86_64 | 1.8.3 | 51.00 | 316.00 | 367.00 | OK | |
r-oldrel-macos-arm64 | 1.8.3 | 149.00 | OK | |||
r-oldrel-windows-x86_64 | 1.8.3 | 56.00 | 292.00 | 348.00 | OK |
Version: 1.8.3
Check: HTML version of manual
Result: NOTE
Found the following HTML validation problems:
summary.smerc_cluster.html:48:1 (summary.smerc_cluster.Rd:15): Warning: trimming empty <dt>
Flavors: r-devel-linux-x86_64-debian-clang, r-devel-linux-x86_64-debian-gcc, r-devel-linux-x86_64-fedora-clang, r-devel-linux-x86_64-fedora-gcc, r-devel-windows-x86_64, r-patched-linux-x86_64