Last updated on 2024-04-19 06:56:32 CEST.
Flavor | Version | Tinstall | Tcheck | Ttotal | Status | Flags |
---|---|---|---|---|---|---|
r-devel-linux-x86_64-debian-clang | 0.1.0 | 1.64 | 43.29 | 44.93 | NOTE | |
r-devel-linux-x86_64-debian-gcc | 0.1.0 | NOTE | ||||
r-devel-linux-x86_64-fedora-clang | 0.1.0 | 64.28 | NOTE | |||
r-devel-linux-x86_64-fedora-gcc | 0.1.0 | 67.26 | NOTE | |||
r-prerel-macos-arm64 | 0.1.0 | 28.00 | OK | |||
r-prerel-windows-x86_64 | 0.1.0 | 4.00 | 54.00 | 58.00 | OK | |
r-patched-linux-x86_64 | 0.1.0 | 2.33 | 42.13 | 44.46 | NOTE | |
r-release-linux-x86_64 | 0.1.0 | 1.77 | 38.87 | 40.64 | NOTE | |
r-release-macos-arm64 | 0.1.0 | 28.00 | OK | |||
r-release-macos-x86_64 | 0.1.0 | 39.00 | OK | |||
r-release-windows-x86_64 | 0.1.0 | 4.00 | 57.00 | 61.00 | OK | |
r-oldrel-macos-arm64 | 0.1.0 | 21.00 | OK | |||
r-oldrel-windows-x86_64 | 0.1.0 | 5.00 | 61.00 | 66.00 | OK |
Version: 0.1.0
Check: for non-standard things in the check directory
Result: NOTE
Found the following files/directories:
‘my_new_social_media_plot.png’
Flavors: r-devel-linux-x86_64-debian-clang, r-devel-linux-x86_64-debian-gcc, r-devel-linux-x86_64-fedora-clang, r-devel-linux-x86_64-fedora-gcc, r-patched-linux-x86_64, r-release-linux-x86_64