Last updated on 2024-03-28 06:01:38 CET.
Flavor | Version | Tinstall | Tcheck | Ttotal | Status | Flags |
---|---|---|---|---|---|---|
r-devel-linux-x86_64-debian-clang | 1.6-1 | 2.30 | 20.34 | 22.64 | OK | |
r-devel-linux-x86_64-debian-gcc | 1.6-1 | 2.29 | 18.47 | 20.76 | OK | |
r-devel-linux-x86_64-fedora-clang | 1.6-1 | 45.46 | OK | |||
r-devel-linux-x86_64-fedora-gcc | 1.6-1 | 44.26 | OK | |||
r-devel-windows-x86_64 | 1.6-1 | 3.00 | 235.00 | 238.00 | ERROR | |
r-patched-linux-x86_64 | 1.6-1 | 3.17 | 20.03 | 23.20 | OK | |
r-release-linux-x86_64 | 1.6-1 | 2.98 | 20.01 | 22.99 | OK | |
r-release-macos-arm64 | 1.6-1 | 25.00 | NOTE | |||
r-release-macos-x86_64 | 1.6-1 | 51.00 | NOTE | |||
r-release-windows-x86_64 | 1.6-1 | 5.00 | 60.00 | 65.00 | OK | |
r-oldrel-macos-arm64 | 1.6-1 | 29.00 | NOTE | |||
r-oldrel-windows-x86_64 | 1.6-1 | 4.00 | 57.00 | 61.00 | OK |
Version: 1.6-1
Check: tests
Result: ERROR
Running 'run_tests.R' [188s]
Running 'test_functions.R' [0s]
Running the tests in 'tests/run_tests.R' failed.
Complete output:
> #source('/Users/hana/myprojects/snowFT/tests/test_functions.R')
> source('test_functions.R')
Loading required package: rlecuyer
> run.rnorm.sock()
Running rnorm test with SOCK ...
Function performParallel:
creating cluster ...
Cluster successfully created.
Cluster size: 5
Cluster type: SOCKcluster cluster
Hosts: localhost , localhost , localhost , localhost , localhost ,
initializing RNG ...
calling clusterApplyFT ...
Function clusterApplyFT:
gentype: RNGstream
seed: 9523148 8605250 2629207 1781446 1827596 2931860
Management files:
cluster size: .clustersize
running processes: .proc
clusterApplyFT finished.
cluster stopped.
user system elapsed
1.65 2.75 6.15
OK.
> run.rnorm.seq()
Running rnorm test sequentially ...
user system elapsed
0.20 0.05 0.25
OK.
> #run.rnorm.sock.cluster.args()
> #run.rnorm.pvm()
> #run.rnorm.mpi()
> check.reproducibility.for.seq.and.par()
Check reproducibility for sequential and parallel runs ... OK.
Check non-reproducibility for sequential and parallel runs ... OK.
> check.init.workers()
Check initialization of workers ... OK.
>
> proc.time()
user system elapsed
2.20 2.93 8.54
Flavor: r-devel-windows-x86_64
Version: 1.6-1
Check: package dependencies
Result: NOTE
Package suggested but not available for checking: ‘Rmpi’
Flavors: r-release-macos-arm64, r-release-macos-x86_64, r-oldrel-macos-arm64