Last updated on 2024-04-19 06:56:32 CEST.
Flavor | Version | Tinstall | Tcheck | Ttotal | Status | Flags |
---|---|---|---|---|---|---|
r-devel-linux-x86_64-debian-clang | 0.9.6 | 10.84 | 95.01 | 105.85 | NOTE | |
r-devel-linux-x86_64-debian-gcc | 0.9.6 | NOTE | ||||
r-devel-linux-x86_64-fedora-clang | 0.9.6 | 130.09 | NOTE | |||
r-devel-linux-x86_64-fedora-gcc | 0.9.6 | 134.13 | NOTE | |||
r-prerel-macos-arm64 | 0.9.6 | 44.00 | NOTE | |||
r-prerel-macos-x86_64 | 0.9.6 | 79.00 | OK | |||
r-prerel-windows-x86_64 | 0.9.6 | 11.00 | 85.00 | 96.00 | NOTE | |
r-patched-linux-x86_64 | 0.9.6 | 9.39 | 93.24 | 102.63 | NOTE | |
r-release-linux-x86_64 | 0.9.6 | 10.41 | 90.31 | 100.72 | OK | |
r-release-macos-arm64 | 0.9.6 | 46.00 | OK | |||
r-release-macos-x86_64 | 0.9.6 | 74.00 | OK | |||
r-release-windows-x86_64 | 0.9.6 | 12.00 | 99.00 | 111.00 | OK | |
r-oldrel-macos-arm64 | 0.9.6 | 39.00 | OK | |||
r-oldrel-windows-x86_64 | 0.9.6 | 12.00 | 108.00 | 120.00 | OK |
Version: 0.9.6
Check: Rd files
Result: NOTE
checkRd: (-1) maize.line.Rd:9: Lost braces in \itemize; meant \describe ?
checkRd: (-1) maize.line.Rd:10: Lost braces in \itemize; meant \describe ?
checkRd: (-1) maize.line.Rd:11: Lost braces in \itemize; meant \describe ?
checkRd: (-1) maize.line.Rd:12: Lost braces in \itemize; meant \describe ?
checkRd: (-1) raw.data.Rd:26: Lost braces; missing escapes or markup?
26 | \item{call.rate}{\code{numeric}. Threshold for removing marker by missing genotype rate. SNP with \code{call rate} below threshold are removed from dataset. Must be between {0, 1}}
| ^
checkRd: (-1) raw.data.Rd:28: Lost braces; missing escapes or markup?
28 | \item{maf}{Threshold for removing SNP by minor allele frequency. Must be between {0, 1}}
| ^
Flavors: r-devel-linux-x86_64-debian-clang, r-devel-linux-x86_64-debian-gcc, r-devel-linux-x86_64-fedora-clang, r-devel-linux-x86_64-fedora-gcc, r-prerel-macos-arm64, r-prerel-windows-x86_64, r-patched-linux-x86_64