Last updated on 2024-03-28 17:49:43 CET.
Flavor | Version | Tinstall | Tcheck | Ttotal | Status | Flags |
---|---|---|---|---|---|---|
r-devel-linux-x86_64-debian-clang | 0.8.0 | 11.95 | 116.48 | 128.43 | NOTE | |
r-devel-linux-x86_64-debian-gcc | 0.8.0 | 9.69 | 87.42 | 97.11 | NOTE | |
r-devel-linux-x86_64-fedora-clang | 0.8.0 | 157.72 | NOTE | |||
r-devel-linux-x86_64-fedora-gcc | 0.8.0 | 150.46 | NOTE | |||
r-devel-windows-x86_64 | 0.8.0 | 12.00 | 116.00 | 128.00 | NOTE | |
r-patched-linux-x86_64 | 0.8.0 | 18.19 | 116.77 | 134.96 | NOTE | |
r-release-linux-x86_64 | 0.8.0 | 11.60 | 110.87 | 122.47 | OK | |
r-release-macos-arm64 | 0.8.0 | 47.00 | OK | |||
r-release-macos-x86_64 | 0.8.0 | 74.00 | OK | |||
r-release-windows-x86_64 | 0.8.0 | 16.00 | 136.00 | 152.00 | OK | |
r-oldrel-macos-arm64 | 0.8.0 | 40.00 | NOTE | |||
r-oldrel-windows-x86_64 | 0.8.0 | 17.00 | 132.00 | 149.00 | OK |
Version: 0.8.0
Check: Rd files
Result: NOTE
checkRd: (-1) map.active.Rd:82: Lost braces
82 | \link{guides}, \link{theme} and link{guide_legend} functions from the
| ^
checkRd: (-1) map.add.Rd:99: Lost braces
99 | \link{guides}, \link{theme} and link{guide_legend} functions from the
| ^
checkRd: (-1) map.csa.mca.Rd:35: Lost braces
35 | \link{soc.csa}, \link{map.csa.all}, link{map.csa.mca.array}
| ^
checkRd: (-1) map.ctr.Rd:85: Lost braces
85 | \link{guides}, \link{theme} and link{guide_legend} functions from the
| ^
checkRd: (-1) map.ind.Rd:80: Lost braces
80 | \link{guides}, \link{theme} and link{guide_legend} functions from the
| ^
checkRd: (-1) map.mod.Rd:82: Lost braces
82 | \link{guides}, \link{theme} and link{guide_legend} functions from the
| ^
checkRd: (-1) map.sup.Rd:82: Lost braces
82 | \link{guides}, \link{theme} and link{guide_legend} functions from the
| ^
Flavors: r-devel-linux-x86_64-debian-clang, r-devel-linux-x86_64-debian-gcc, r-devel-linux-x86_64-fedora-clang, r-devel-linux-x86_64-fedora-gcc, r-devel-windows-x86_64, r-patched-linux-x86_64
Version: 0.8.0
Check: dependencies in R code
Result: NOTE
Namespaces in Imports field not imported from:
‘FactoMineR’ ‘flextable’ ‘htmlTable’ ‘stringr’
All declared Imports should be used.
Flavors: r-devel-linux-x86_64-fedora-clang, r-devel-linux-x86_64-fedora-gcc, r-oldrel-macos-arm64
Version: 0.8.0
Check: data for non-ASCII characters
Result: NOTE
Note: found 938 marked UTF-8 strings
Flavors: r-devel-linux-x86_64-fedora-clang, r-devel-linux-x86_64-fedora-gcc, r-oldrel-macos-arm64