Last updated on 2024-05-07 18:50:01 CEST.
Flavor | Version | Tinstall | Tcheck | Ttotal | Status | Flags |
---|---|---|---|---|---|---|
r-devel-linux-x86_64-debian-clang | 1.0.0 | 2.65 | 25.86 | 28.51 | NOTE | |
r-devel-linux-x86_64-debian-gcc | 1.0.0 | 2.14 | 19.94 | 22.08 | NOTE | |
r-devel-linux-x86_64-fedora-clang | 1.0.0 | 35.94 | NOTE | |||
r-devel-linux-x86_64-fedora-gcc | 1.0.0 | 41.81 | NOTE | |||
r-devel-windows-x86_64 | 1.0.0 | 3.00 | 45.00 | 48.00 | NOTE | |
r-patched-linux-x86_64 | 1.0.0 | 2.16 | 26.00 | 28.16 | NOTE | |
r-release-linux-x86_64 | 1.0.0 | 2.49 | 25.40 | 27.89 | NOTE | |
r-release-macos-arm64 | 1.0.0 | 14.00 | NOTE | |||
r-release-windows-x86_64 | 1.0.0 | 3.00 | 46.00 | 49.00 | NOTE | |
r-oldrel-macos-arm64 | 1.0.0 | 15.00 | NOTE | |||
r-oldrel-macos-x86_64 | 1.0.0 | 20.00 | NOTE | |||
r-oldrel-windows-x86_64 | 1.0.0 | 3.00 | 44.00 | 47.00 | NOTE |
Version: 1.0.0
Check: LazyData
Result: NOTE
'LazyData' is specified without a 'data' directory
Flavors: r-devel-linux-x86_64-debian-clang, r-devel-linux-x86_64-debian-gcc, r-devel-linux-x86_64-fedora-clang, r-devel-linux-x86_64-fedora-gcc, r-devel-windows-x86_64, r-patched-linux-x86_64, r-release-linux-x86_64, r-release-macos-arm64, r-release-windows-x86_64, r-oldrel-macos-arm64, r-oldrel-macos-x86_64, r-oldrel-windows-x86_64