Last updated on 2024-04-19 19:50:28 CEST.
Flavor | Version | Tinstall | Tcheck | Ttotal | Status | Flags |
---|---|---|---|---|---|---|
r-devel-linux-x86_64-debian-clang | 2.14.0 | 3.67 | 42.06 | 45.73 | NOTE | |
r-devel-linux-x86_64-debian-gcc | 2.14.0 | NOTE | ||||
r-devel-linux-x86_64-fedora-clang | 2.14.0 | 57.48 | NOTE | |||
r-devel-linux-x86_64-fedora-gcc | 2.14.0 | 54.94 | NOTE | |||
r-prerel-macos-arm64 | 2.14.0 | 20.00 | NOTE | |||
r-prerel-windows-x86_64 | 2.14.0 | 7.00 | 69.00 | 76.00 | NOTE | |
r-patched-linux-x86_64 | 2.14.0 | 5.59 | 41.53 | 47.12 | NOTE | |
r-release-linux-x86_64 | 2.14.0 | 5.12 | 38.73 | 43.85 | NOTE | |
r-release-macos-arm64 | 2.14.0 | 22.00 | NOTE | |||
r-release-macos-x86_64 | 2.14.0 | 30.00 | NOTE | |||
r-release-windows-x86_64 | 2.14.0 | 7.00 | 73.00 | 80.00 | NOTE | |
r-oldrel-macos-arm64 | 2.14.0 | 21.00 | OK | |||
r-oldrel-windows-x86_64 | 2.14.0 | 7.00 | 62.00 | 69.00 | OK |
Version: 2.14.0
Check: dependencies in R code
Result: NOTE
There are ::: calls to the package's namespace in its code. A package
almost never needs to use ::: for its own objects:
‘.solveEnv’
Flavors: r-devel-linux-x86_64-debian-clang, r-devel-linux-x86_64-debian-gcc, r-devel-linux-x86_64-fedora-clang, r-devel-linux-x86_64-fedora-gcc, r-prerel-macos-arm64, r-prerel-windows-x86_64, r-patched-linux-x86_64, r-release-linux-x86_64, r-release-macos-arm64, r-release-macos-x86_64, r-release-windows-x86_64