Last updated on 2024-05-07 06:56:10 CEST.
Flavor | Version | Tinstall | Tcheck | Ttotal | Status | Flags |
---|---|---|---|---|---|---|
r-devel-linux-x86_64-debian-clang | 1.0.1 | 77.81 | 40.70 | 118.51 | OK | |
r-devel-linux-x86_64-debian-gcc | 1.0.1 | 66.33 | 32.23 | 98.56 | OK | |
r-devel-linux-x86_64-fedora-clang | 1.0.1 | 167.68 | OK | |||
r-devel-linux-x86_64-fedora-gcc | 1.0.1 | 260.88 | OK | |||
r-devel-windows-x86_64 | 1.0.1 | 67.00 | 85.00 | 152.00 | OK | |
r-patched-linux-x86_64 | 1.0.1 | 81.62 | 39.91 | 121.53 | OK | |
r-release-linux-x86_64 | 1.0.1 | 73.46 | 39.76 | 113.22 | OK | |
r-release-macos-arm64 | 1.0.1 | 65.00 | NOTE | |||
r-release-macos-x86_64 | 1.0.1 | 185.00 | NOTE | |||
r-release-windows-x86_64 | 1.0.1 | 61.00 | 87.00 | 148.00 | OK | |
r-oldrel-macos-arm64 | 1.0.1 | 67.00 | NOTE | |||
r-oldrel-macos-x86_64 | 1.0.1 | 155.00 | NOTE | |||
r-oldrel-windows-x86_64 | 1.0.1 | 84.00 | 93.00 | 177.00 | OK |
Version: 1.0.1
Check: installed package size
Result: NOTE
installed size is 7.7Mb
sub-directories of 1Mb or more:
libs 7.2Mb
Flavors: r-release-macos-arm64, r-release-macos-x86_64, r-oldrel-macos-arm64, r-oldrel-macos-x86_64