Last updated on 2024-04-19 19:50:28 CEST.
Flavor | Version | Tinstall | Tcheck | Ttotal | Status | Flags |
---|---|---|---|---|---|---|
r-devel-linux-x86_64-debian-clang | 0.4.1 | 16.24 | 143.97 | 160.21 | NOTE | |
r-devel-linux-x86_64-debian-gcc | 0.4.1 | NOTE | ||||
r-devel-linux-x86_64-fedora-clang | 0.4.1 | 206.78 | NOTE | |||
r-devel-linux-x86_64-fedora-gcc | 0.4.1 | 190.15 | NOTE | |||
r-prerel-macos-arm64 | 0.4.1 | 54.00 | NOTE | |||
r-prerel-windows-x86_64 | 0.4.1 | 15.00 | 107.00 | 122.00 | NOTE | |
r-patched-linux-x86_64 | 0.4.1 | 20.48 | 138.50 | 158.98 | NOTE | |
r-release-linux-x86_64 | 0.4.1 | 12.37 | 138.83 | 151.20 | NOTE | |
r-release-macos-arm64 | 0.4.1 | 60.00 | NOTE | |||
r-release-macos-x86_64 | 0.4.1 | 75.00 | NOTE | |||
r-release-windows-x86_64 | 0.4.1 | 20.00 | 139.00 | 159.00 | NOTE | |
r-oldrel-macos-arm64 | 0.4.1 | 55.00 | OK | |||
r-oldrel-windows-x86_64 | 0.4.1 | 20.00 | 137.00 | 157.00 | OK |
Version: 0.4.1
Check: package subdirectories
Result: NOTE
Problems with news in ‘NEWS.md’:
No news entries found.
Flavors: r-devel-linux-x86_64-debian-clang, r-devel-linux-x86_64-debian-gcc, r-devel-linux-x86_64-fedora-clang, r-devel-linux-x86_64-fedora-gcc, r-prerel-macos-arm64, r-prerel-windows-x86_64, r-patched-linux-x86_64, r-release-linux-x86_64, r-release-macos-arm64, r-release-macos-x86_64, r-release-windows-x86_64