Last updated on 2024-03-28 06:01:39 CET.
Flavor | Version | Tinstall | Tcheck | Ttotal | Status | Flags |
---|---|---|---|---|---|---|
r-devel-linux-x86_64-debian-clang | 0.6.7 | 60.52 | 80.61 | 141.13 | NOTE | |
r-devel-linux-x86_64-debian-gcc | 0.6.7 | 54.85 | 59.05 | 113.90 | NOTE | |
r-devel-linux-x86_64-fedora-clang | 0.6.7 | 161.53 | NOTE | |||
r-devel-linux-x86_64-fedora-gcc | 0.6.7 | 186.01 | NOTE | |||
r-devel-windows-x86_64 | 0.6.7 | 74.00 | 93.00 | 167.00 | NOTE | |
r-patched-linux-x86_64 | 0.6.7 | 69.30 | 76.25 | 145.55 | OK | |
r-release-linux-x86_64 | 0.6.7 | 64.84 | 77.24 | 142.08 | OK | |
r-release-macos-arm64 | 0.6.7 | 48.00 | OK | |||
r-release-macos-x86_64 | 0.6.7 | 87.00 | OK | |||
r-release-windows-x86_64 | 0.6.7 | 76.00 | 112.00 | 188.00 | OK | |
r-oldrel-macos-arm64 | 0.6.7 | 46.00 | OK | |||
r-oldrel-windows-x86_64 | 0.6.7 | 93.00 | 112.00 | 205.00 | OK |
Version: 0.6.7
Check: Rd files
Result: NOTE
checkRd: (-1) dphat.Rd:25: Lost braces
25 | These results were heavily used in Krumbholz/Z\"{o}ller (1995) for Shewhart and in Knoth/Steinmetz (2013) for EWMA control charts.
| ^
checkRd: (-1) dphat.Rd:38: Lost braces
38 | W. Krumbholz and A. Z\"{o}ller (1995),
| ^
checkRd: (-1) dphat.Rd:39: Lost braces
39 | \code{p}-Karten vom Shewhartschen Typ f\"{u}r die messende Pr\"{u}fung,
| ^
checkRd: (-1) dphat.Rd:39: Lost braces
39 | \code{p}-Karten vom Shewhartschen Typ f\"{u}r die messende Pr\"{u}fung,
| ^
checkRd: (-1) xshewhartrunsrules.arl.Rd:37-38: Lost braces in \itemize; meant \describe ?
checkRd: (-1) xshewhartrunsrules.arl.Rd:39-40: Lost braces in \itemize; meant \describe ?
checkRd: (-1) xshewhartrunsrules.arl.Rd:41-42: Lost braces in \itemize; meant \describe ?
checkRd: (-1) xshewhartrunsrules.arl.Rd:43-44: Lost braces in \itemize; meant \describe ?
Flavors: r-devel-linux-x86_64-debian-clang, r-devel-linux-x86_64-debian-gcc, r-devel-linux-x86_64-fedora-clang, r-devel-linux-x86_64-fedora-gcc, r-devel-windows-x86_64
Version: 0.6.7
Check: Rd line widths
Result: NOTE
Rd file 'pois.crit.L0L1.Rd':
\examples lines wider than 100 characters:
## Not run: kh <- xcusum.crit.L0L1(La, Lr, sided="one") # instead of deploying EK1960, one could use more accurate numbers
These lines will be truncated in the PDF manual.
Flavors: r-devel-linux-x86_64-debian-clang, r-devel-linux-x86_64-debian-gcc, r-devel-linux-x86_64-fedora-clang, r-devel-linux-x86_64-fedora-gcc