Last updated on 2024-05-04 06:52:24 CEST.
Flavor | Version | Tinstall | Tcheck | Ttotal | Status | Flags |
---|---|---|---|---|---|---|
r-devel-linux-x86_64-debian-clang | 0.1-1 | 6.33 | 56.77 | 63.10 | NOTE | |
r-devel-linux-x86_64-debian-gcc | 0.1-1 | 5.07 | 44.55 | 49.62 | NOTE | |
r-devel-linux-x86_64-fedora-clang | 0.1-1 | 80.55 | NOTE | |||
r-devel-linux-x86_64-fedora-gcc | 0.1-1 | 75.08 | NOTE | |||
r-devel-windows-x86_64 | 0.1-1 | 6.00 | 59.00 | 65.00 | NOTE | |
r-patched-linux-x86_64 | 0.1-1 | 4.11 | 55.76 | 59.87 | NOTE | |
r-release-linux-x86_64 | 0.1-1 | 5.14 | 53.99 | 59.13 | NOTE | |
r-release-macos-arm64 | 0.1-1 | 26.00 | NOTE | |||
r-release-windows-x86_64 | 0.1-1 | 6.00 | 59.00 | 65.00 | NOTE | |
r-oldrel-macos-arm64 | 0.1-1 | 34.00 | NOTE | |||
r-oldrel-macos-x86_64 | 0.1-1 | 49.00 | NOTE | |||
r-oldrel-windows-x86_64 | 0.1-1 | 8.00 | 65.00 | 73.00 | NOTE |
Version: 0.1-1
Check: LazyData
Result: NOTE
'LazyData' is specified without a 'data' directory
Flavors: r-devel-linux-x86_64-debian-clang, r-devel-linux-x86_64-debian-gcc, r-devel-linux-x86_64-fedora-clang, r-devel-linux-x86_64-fedora-gcc, r-devel-windows-x86_64, r-patched-linux-x86_64, r-release-linux-x86_64, r-release-macos-arm64, r-release-windows-x86_64, r-oldrel-macos-arm64, r-oldrel-macos-x86_64, r-oldrel-windows-x86_64
Version: 0.1-1
Check: for non-standard things in the check directory
Result: NOTE
Found the following files/directories:
‘.neig’
Flavors: r-devel-linux-x86_64-debian-clang, r-devel-linux-x86_64-debian-gcc, r-devel-linux-x86_64-fedora-clang, r-devel-linux-x86_64-fedora-gcc, r-patched-linux-x86_64, r-release-linux-x86_64