Last updated on 2024-05-07 18:50:02 CEST.
Flavor | Version | Tinstall | Tcheck | Ttotal | Status | Flags |
---|---|---|---|---|---|---|
r-devel-linux-x86_64-debian-clang | 1.1.3 | 51.24 | 109.83 | 161.07 | NOTE | |
r-devel-linux-x86_64-debian-gcc | 1.1.3 | 43.20 | 79.20 | 122.40 | NOTE | |
r-devel-linux-x86_64-fedora-clang | 1.1.3 | 212.04 | NOTE | |||
r-devel-linux-x86_64-fedora-gcc | 1.1.3 | 266.91 | NOTE | |||
r-devel-windows-x86_64 | 1.1.3 | 45.00 | 110.00 | 155.00 | NOTE | |
r-patched-linux-x86_64 | 1.1.3 | 52.47 | 102.94 | 155.41 | NOTE | |
r-release-linux-x86_64 | 1.1.3 | 49.98 | 102.14 | 152.12 | NOTE | |
r-release-macos-arm64 | 1.1.3 | 64.00 | NOTE | |||
r-release-windows-x86_64 | 1.1.3 | 45.00 | 110.00 | 155.00 | NOTE | |
r-oldrel-macos-arm64 | 1.1.3 | 71.00 | NOTE | |||
r-oldrel-macos-x86_64 | 1.1.3 | 101.00 | NOTE | |||
r-oldrel-windows-x86_64 | 1.1.3 | 53.00 | 134.00 | 187.00 | NOTE |
Version: 1.1.3
Check: C++ specification
Result: NOTE
Specified C++11: please drop specification unless essential
Flavors: r-devel-linux-x86_64-debian-clang, r-devel-linux-x86_64-debian-gcc, r-devel-linux-x86_64-fedora-clang, r-devel-linux-x86_64-fedora-gcc, r-devel-windows-x86_64, r-patched-linux-x86_64, r-release-linux-x86_64, r-release-macos-arm64, r-release-windows-x86_64, r-oldrel-macos-arm64, r-oldrel-macos-x86_64, r-oldrel-windows-x86_64