Last updated on 2024-03-28 17:49:43 CET.
Flavor | Version | Tinstall | Tcheck | Ttotal | Status | Flags |
---|---|---|---|---|---|---|
r-devel-linux-x86_64-debian-clang | 0.4-11 | 7.43 | 56.44 | 63.87 | NOTE | |
r-devel-linux-x86_64-debian-gcc | 0.4-11 | 5.79 | 42.57 | 48.36 | NOTE | |
r-devel-linux-x86_64-fedora-clang | 0.4-11 | 77.09 | NOTE | |||
r-devel-linux-x86_64-fedora-gcc | 0.4-11 | 75.19 | NOTE | |||
r-devel-windows-x86_64 | 0.4-11 | 6.00 | 58.00 | 64.00 | NOTE | |
r-patched-linux-x86_64 | 0.4-11 | 7.33 | 54.33 | 61.66 | NOTE | |
r-release-linux-x86_64 | 0.4-11 | 6.85 | 50.84 | 57.69 | OK | |
r-release-macos-arm64 | 0.4-11 | 25.00 | OK | |||
r-release-macos-x86_64 | 0.4-11 | 46.00 | OK | |||
r-release-windows-x86_64 | 0.4-11 | 7.00 | 67.00 | 74.00 | OK | |
r-oldrel-macos-arm64 | 0.4-11 | 25.00 | OK | |||
r-oldrel-windows-x86_64 | 0.4-11 | 9.00 | 188044.00 | 188053.00 | OK |
Version: 0.4-11
Check: Rd files
Result: NOTE
checkRd: (-1) sqldf.Rd:248: Lost braces
248 | and code{port} arguments of sqldf.
| ^
Flavors: r-devel-linux-x86_64-debian-clang, r-devel-linux-x86_64-debian-gcc, r-devel-linux-x86_64-fedora-clang, r-devel-linux-x86_64-fedora-gcc, r-devel-windows-x86_64, r-patched-linux-x86_64