Last updated on 2024-05-07 06:56:10 CEST.
Flavor | Version | Tinstall | Tcheck | Ttotal | Status | Flags |
---|---|---|---|---|---|---|
r-devel-linux-x86_64-debian-clang | 1.0.6 | 139.11 | 391.47 | 530.58 | OK | |
r-devel-linux-x86_64-debian-gcc | 1.0.6 | 126.44 | 285.47 | 411.91 | OK | |
r-devel-linux-x86_64-fedora-clang | 1.0.6 | 649.85 | OK | |||
r-devel-linux-x86_64-fedora-gcc | 1.0.6 | 783.95 | OK | |||
r-devel-windows-x86_64 | 1.0.6 | 107.00 | 430.00 | 537.00 | NOTE | |
r-patched-linux-x86_64 | 1.0.6 | 137.11 | 372.81 | 509.92 | OK | |
r-release-linux-x86_64 | 1.0.6 | 112.29 | 376.17 | 488.46 | OK | |
r-release-macos-arm64 | 1.0.6 | 234.00 | NOTE | |||
r-release-windows-x86_64 | 1.0.6 | 105.00 | 430.00 | 535.00 | NOTE | |
r-oldrel-macos-arm64 | 1.0.6 | 341.00 | NOTE | |||
r-oldrel-macos-x86_64 | 1.0.6 | 488.00 | NOTE | |||
r-oldrel-windows-x86_64 | 1.0.6 | 134.00 | 560.00 | 694.00 | NOTE |
Version: 1.0.6
Check: installed package size
Result: NOTE
installed size is 16.2Mb
sub-directories of 1Mb or more:
doc 1.2Mb
help 1.0Mb
libs 13.6Mb
Flavors: r-devel-windows-x86_64, r-release-macos-arm64, r-release-windows-x86_64, r-oldrel-macos-arm64, r-oldrel-macos-x86_64, r-oldrel-windows-x86_64