Last updated on 2024-03-28 17:49:43 CET.
Flavor | Version | Tinstall | Tcheck | Ttotal | Status | Flags |
---|---|---|---|---|---|---|
r-devel-linux-x86_64-debian-clang | 0.3.2 | 12.63 | 106.89 | 119.52 | OK | |
r-devel-linux-x86_64-debian-gcc | 0.3.2 | 7.76 | 80.91 | 88.67 | OK | |
r-devel-linux-x86_64-fedora-clang | 0.3.2 | 146.35 | NOTE | |||
r-devel-linux-x86_64-fedora-gcc | 0.3.2 | 163.01 | NOTE | |||
r-devel-windows-x86_64 | 0.3.2 | 10.00 | 92.00 | 102.00 | OK | |
r-patched-linux-x86_64 | 0.3.2 | 13.06 | 102.46 | 115.52 | OK | |
r-release-linux-x86_64 | 0.3.2 | 11.65 | 104.40 | 116.05 | OK | |
r-release-macos-arm64 | 0.3.2 | 63.00 | OK | |||
r-release-macos-x86_64 | 0.3.2 | 102.00 | OK | |||
r-release-windows-x86_64 | 0.3.2 | 12.00 | 112.00 | 124.00 | OK | |
r-oldrel-macos-arm64 | 0.3.2 | 53.00 | OK | |||
r-oldrel-windows-x86_64 | 0.3.2 | 13.00 | 111.00 | 124.00 | OK |
Version: 0.3.2
Check: Rd cross-references
Result: NOTE
Undeclared package ‘fortunes’ in Rd xrefs
Flavor: r-devel-linux-x86_64-fedora-clang
Version: 0.3.2
Check: data for non-ASCII characters
Result: NOTE
Note: found 1 marked UTF-8 string
Flavors: r-devel-linux-x86_64-fedora-clang, r-devel-linux-x86_64-fedora-gcc