Last updated on 2024-05-07 18:50:02 CEST.
Flavor | Version | Tinstall | Tcheck | Ttotal | Status | Flags |
---|---|---|---|---|---|---|
r-devel-linux-x86_64-debian-clang | 0.1.0 | 5.16 | 55.95 | 61.11 | OK | |
r-devel-linux-x86_64-debian-gcc | 0.1.0 | 4.55 | 42.10 | 46.65 | OK | |
r-devel-linux-x86_64-fedora-clang | 0.1.0 | 77.22 | NOTE | |||
r-devel-linux-x86_64-fedora-gcc | 0.1.0 | 109.06 | NOTE | |||
r-devel-windows-x86_64 | 0.1.0 | 7.00 | 63.00 | 70.00 | OK | |
r-patched-linux-x86_64 | 0.1.0 | 4.53 | 53.17 | 57.70 | OK | |
r-release-linux-x86_64 | 0.1.0 | 6.60 | 53.95 | 60.55 | OK | |
r-release-macos-arm64 | 0.1.0 | 26.00 | OK | |||
r-release-windows-x86_64 | 0.1.0 | 8.00 | 61.00 | 69.00 | OK | |
r-oldrel-macos-arm64 | 0.1.0 | 37.00 | OK | |||
r-oldrel-macos-x86_64 | 0.1.0 | 42.00 | OK | |||
r-oldrel-windows-x86_64 | 0.1.0 | 9.00 | 69.00 | 78.00 | OK |
Version: 0.1.0
Check: data for non-ASCII characters
Result: NOTE
Note: found 240 marked UTF-8 strings
Flavors: r-devel-linux-x86_64-fedora-clang, r-devel-linux-x86_64-fedora-gcc