Last updated on 2024-03-19 06:55:57 CET.
Flavor | Version | Tinstall | Tcheck | Ttotal | Status | Flags |
---|---|---|---|---|---|---|
r-devel-linux-x86_64-debian-clang | 2.3 | 2.41 | 26.41 | 28.82 | OK | |
r-devel-linux-x86_64-debian-gcc | 2.3 | 1.97 | 20.79 | 22.76 | OK | |
r-devel-linux-x86_64-fedora-clang | 2.3 | 36.34 | NOTE | |||
r-devel-linux-x86_64-fedora-gcc | 2.3 | 37.04 | NOTE | |||
r-devel-windows-x86_64 | 2.3 | 4.00 | 44.00 | 48.00 | OK | |
r-patched-linux-x86_64 | 2.3 | 2.53 | 25.50 | 28.03 | OK | |
r-release-linux-x86_64 | 2.3 | 1.61 | 26.05 | 27.66 | OK | |
r-release-macos-arm64 | 2.3 | 18.00 | OK | |||
r-release-macos-x86_64 | 2.3 | 25.00 | OK | |||
r-release-windows-x86_64 | 2.3 | 5.00 | 45.00 | 50.00 | OK | |
r-oldrel-macos-arm64 | 2.3 | 20.00 | OK | |||
r-oldrel-windows-x86_64 | 2.3 | 5.00 | 48.00 | 53.00 | OK |
Version: 2.3
Check: data for non-ASCII characters
Result: NOTE
Note: found 22806 marked UTF-8 strings
Flavors: r-devel-linux-x86_64-fedora-clang, r-devel-linux-x86_64-fedora-gcc