Last updated on 2024-03-28 17:49:44 CET.
Flavor | Version | Tinstall | Tcheck | Ttotal | Status | Flags |
---|---|---|---|---|---|---|
r-devel-linux-x86_64-debian-clang | 0.1.0 | 1.73 | 26.21 | 27.94 | NOTE | |
r-devel-linux-x86_64-debian-gcc | 0.1.0 | 1.57 | 19.92 | 21.49 | NOTE | |
r-devel-linux-x86_64-fedora-clang | 0.1.0 | 35.53 | NOTE | |||
r-devel-linux-x86_64-fedora-gcc | 0.1.0 | 34.75 | NOTE | |||
r-devel-windows-x86_64 | 0.1.0 | 3.00 | 36.00 | 39.00 | NOTE | |
r-patched-linux-x86_64 | 0.1.0 | 1.86 | 25.29 | 27.15 | NOTE | |
r-release-linux-x86_64 | 0.1.0 | 1.77 | 25.56 | 27.33 | NOTE | |
r-release-macos-arm64 | 0.1.0 | 14.00 | NOTE | |||
r-release-macos-x86_64 | 0.1.0 | 24.00 | NOTE | |||
r-release-windows-x86_64 | 0.1.0 | 4.00 | 40.00 | 44.00 | NOTE | |
r-oldrel-macos-arm64 | 0.1.0 | 14.00 | NOTE | |||
r-oldrel-windows-x86_64 | 0.1.0 | 6.00 | 39.00 | 45.00 | NOTE |
Version: 0.1.0
Check: Rd \usage sections
Result: NOTE
Documented arguments not in \usage in Rd file 'subsamp.Rd':
‘x:’ ‘y:’ ‘s:’ ‘m:’ ‘qnum:’ ‘wplot:’
Functions with \usage entries need to have the appropriate \alias
entries, and all their arguments documented.
The \usage entries must correspond to syntactically valid R code.
See chapter ‘Writing R documentation files’ in the ‘Writing R
Extensions’ manual.
Flavors: r-devel-linux-x86_64-debian-clang, r-devel-linux-x86_64-debian-gcc, r-devel-linux-x86_64-fedora-clang, r-devel-linux-x86_64-fedora-gcc, r-devel-windows-x86_64, r-patched-linux-x86_64
Version: 0.1.0
Check: LazyData
Result: NOTE
'LazyData' is specified without a 'data' directory
Flavors: r-devel-linux-x86_64-debian-clang, r-devel-linux-x86_64-debian-gcc, r-devel-linux-x86_64-fedora-clang, r-devel-linux-x86_64-fedora-gcc, r-devel-windows-x86_64, r-patched-linux-x86_64, r-release-linux-x86_64, r-release-macos-arm64, r-release-macos-x86_64, r-release-windows-x86_64, r-oldrel-macos-arm64, r-oldrel-windows-x86_64