Last updated on 2024-03-28 17:49:44 CET.
Flavor | Version | Tinstall | Tcheck | Ttotal | Status | Flags |
---|---|---|---|---|---|---|
r-devel-linux-x86_64-debian-clang | 2.3.0 | 1.70 | 25.04 | 26.74 | NOTE | |
r-devel-linux-x86_64-debian-gcc | 2.3.0 | 1.62 | 19.36 | 20.98 | NOTE | |
r-devel-linux-x86_64-fedora-clang | 2.3.0 | 34.09 | NOTE | |||
r-devel-linux-x86_64-fedora-gcc | 2.3.0 | 33.33 | NOTE | |||
r-devel-windows-x86_64 | 2.3.0 | 3.00 | 40.00 | 43.00 | NOTE | |
r-patched-linux-x86_64 | 2.3.0 | 1.85 | 24.29 | 26.14 | NOTE | |
r-release-linux-x86_64 | 2.3.0 | 2.05 | 23.78 | 25.83 | NOTE | |
r-release-macos-arm64 | 2.3.0 | 18.00 | NOTE | |||
r-release-macos-x86_64 | 2.3.0 | 22.00 | NOTE | |||
r-release-windows-x86_64 | 2.3.0 | 3.00 | 43.00 | 46.00 | NOTE | |
r-oldrel-macos-arm64 | 2.3.0 | 17.00 | NOTE | |||
r-oldrel-windows-x86_64 | 2.3.0 | 4.00 | 45.00 | 49.00 | NOTE |
Version: 2.3.0
Check: LazyData
Result: NOTE
'LazyData' is specified without a 'data' directory
Flavors: r-devel-linux-x86_64-debian-clang, r-devel-linux-x86_64-debian-gcc, r-devel-linux-x86_64-fedora-clang, r-devel-linux-x86_64-fedora-gcc, r-devel-windows-x86_64, r-patched-linux-x86_64, r-release-linux-x86_64, r-release-macos-arm64, r-release-macos-x86_64, r-release-windows-x86_64, r-oldrel-macos-arm64, r-oldrel-windows-x86_64