Last updated on 2024-03-28 17:49:44 CET.
Flavor | Version | Tinstall | Tcheck | Ttotal | Status | Flags |
---|---|---|---|---|---|---|
r-devel-linux-x86_64-debian-clang | 0.2.6.2 | 39.86 | 292.36 | 332.22 | NOTE | |
r-devel-linux-x86_64-debian-gcc | 0.2.6.2 | 30.07 | 221.10 | 251.17 | NOTE | |
r-devel-linux-x86_64-fedora-clang | 0.2.6.2 | 438.10 | NOTE | |||
r-devel-linux-x86_64-fedora-gcc | 0.2.6.2 | 459.88 | NOTE | |||
r-devel-windows-x86_64 | 0.2.6.2 | 33.00 | 352.00 | 385.00 | NOTE | |
r-patched-linux-x86_64 | 0.2.6.2 | 37.16 | 313.30 | 350.46 | NOTE | |
r-release-linux-x86_64 | 0.2.6.2 | 38.89 | 390.78 | 429.67 | NOTE | |
r-release-macos-arm64 | 0.2.6.2 | 143.00 | NOTE | |||
r-release-macos-x86_64 | 0.2.6.2 | 262.00 | NOTE | |||
r-release-windows-x86_64 | 0.2.6.2 | 32.00 | 511.00 | 543.00 | NOTE | |
r-oldrel-macos-arm64 | 0.2.6.2 | 146.00 | OK | |||
r-oldrel-windows-x86_64 | 0.2.6.2 | 46.00 | 483.00 | 529.00 | OK |
Version: 0.2.6.2
Check: C++ specification
Result: NOTE
Specified C++11: please drop specification unless essential
Flavors: r-devel-linux-x86_64-debian-clang, r-devel-linux-x86_64-debian-gcc, r-devel-linux-x86_64-fedora-clang, r-devel-linux-x86_64-fedora-gcc, r-devel-windows-x86_64, r-patched-linux-x86_64, r-release-linux-x86_64, r-release-macos-arm64, r-release-macos-x86_64, r-release-windows-x86_64
Version: 0.2.6.2
Check: Rd files
Result: NOTE
checkRd: (-1) plot.supc.Rd:13: Lost braces in \itemize; meant \describe ?
Flavors: r-devel-linux-x86_64-debian-clang, r-devel-linux-x86_64-debian-gcc, r-devel-linux-x86_64-fedora-clang, r-devel-linux-x86_64-fedora-gcc, r-devel-windows-x86_64, r-patched-linux-x86_64