Last updated on 2024-04-23 18:51:13 CEST.
Flavor | Version | Tinstall | Tcheck | Ttotal | Status | Flags |
---|---|---|---|---|---|---|
r-devel-linux-x86_64-debian-clang | 0.4.9 | 17.35 | 295.09 | 312.44 | OK | |
r-devel-linux-x86_64-debian-gcc | 0.4.9 | 12.26 | 211.39 | 223.65 | OK | |
r-devel-linux-x86_64-fedora-clang | 0.4.9 | 400.16 | NOTE | |||
r-devel-linux-x86_64-fedora-gcc | 0.4.9 | 399.67 | OK | |||
r-prerel-macos-arm64 | 0.4.9 | 102.00 | NOTE | |||
r-prerel-windows-x86_64 | 0.4.9 | 16.00 | 214.00 | 230.00 | NOTE | |
r-patched-linux-x86_64 | 0.4.9 | 21.92 | 277.84 | 299.76 | OK | |
r-release-linux-x86_64 | 0.4.9 | 16.77 | 271.17 | 287.94 | OK | |
r-release-macos-arm64 | 0.4.9 | 103.00 | NOTE | |||
r-release-macos-x86_64 | 0.4.9 | 165.00 | NOTE | |||
r-release-windows-x86_64 | 0.4.9 | 19.00 | 269.00 | 288.00 | NOTE | |
r-oldrel-macos-arm64 | 0.4.9 | 87.00 | NOTE | |||
r-oldrel-windows-x86_64 | 0.4.9 | 20.00 | 254.00 | 274.00 | NOTE |
Version: 0.4.9
Check: installed package size
Result: NOTE
installed size is 6.1Mb
sub-directories of 1Mb or more:
doc 5.6Mb
Flavors: r-devel-linux-x86_64-fedora-clang, r-prerel-macos-arm64, r-prerel-windows-x86_64, r-release-macos-arm64, r-release-macos-x86_64, r-release-windows-x86_64, r-oldrel-macos-arm64, r-oldrel-windows-x86_64