Last updated on 2024-04-23 06:57:18 CEST.
Flavor | Version | Tinstall | Tcheck | Ttotal | Status | Flags |
---|---|---|---|---|---|---|
r-devel-linux-x86_64-debian-clang | 2.4.5 | 8.53 | 62.71 | 71.24 | NOTE | |
r-devel-linux-x86_64-debian-gcc | 2.4.5 | 5.72 | 47.15 | 52.87 | NOTE | |
r-devel-linux-x86_64-fedora-clang | 2.4.5 | 88.52 | NOTE | |||
r-devel-linux-x86_64-fedora-gcc | 2.4.5 | 83.30 | NOTE | |||
r-prerel-macos-arm64 | 2.4.5 | 30.00 | NOTE | |||
r-prerel-windows-x86_64 | 2.4.5 | 8.00 | 82.00 | 90.00 | NOTE | |
r-patched-linux-x86_64 | 2.4.5 | 5.90 | 59.37 | 65.27 | NOTE | |
r-release-linux-x86_64 | 2.4.5 | 4.98 | 58.77 | 63.75 | NOTE | |
r-release-macos-arm64 | 2.4.5 | 31.00 | NOTE | |||
r-release-macos-x86_64 | 2.4.5 | 50.00 | NOTE | |||
r-release-windows-x86_64 | 2.4.5 | 10.00 | 85.00 | 95.00 | NOTE | |
r-oldrel-macos-arm64 | 2.4.5 | 27.00 | NOTE | |||
r-oldrel-windows-x86_64 | 2.4.5 | 10.00 | 86.00 | 96.00 | NOTE |
Version: 2.4.5
Check: LazyData
Result: NOTE
'LazyData' is specified without a 'data' directory
Flavors: r-devel-linux-x86_64-debian-clang, r-devel-linux-x86_64-debian-gcc, r-devel-linux-x86_64-fedora-clang, r-devel-linux-x86_64-fedora-gcc, r-prerel-macos-arm64, r-prerel-windows-x86_64, r-patched-linux-x86_64, r-release-linux-x86_64, r-release-macos-arm64, r-release-macos-x86_64, r-release-windows-x86_64, r-oldrel-macos-arm64, r-oldrel-windows-x86_64