Last updated on 2024-04-18 18:58:07 CEST.
Flavor | Version | Tinstall | Tcheck | Ttotal | Status | Flags |
---|---|---|---|---|---|---|
r-devel-linux-x86_64-debian-clang | 0.1-6 | 4.63 | 42.24 | 46.87 | NOTE | |
r-devel-linux-x86_64-debian-gcc | 0.1-6 | 3.37 | 32.21 | 35.58 | NOTE | |
r-devel-linux-x86_64-fedora-clang | 0.1-6 | 61.86 | NOTE | |||
r-devel-linux-x86_64-fedora-gcc | 0.1-6 | 71.79 | NOTE | |||
r-prerel-macos-arm64 | 0.1-6 | 27.00 | NOTE | |||
r-prerel-windows-x86_64 | 0.1-6 | 5.00 | 55.00 | 60.00 | NOTE | |
r-patched-linux-x86_64 | 0.1-6 | 4.35 | 41.64 | 45.99 | NOTE | |
r-release-linux-x86_64 | 0.1-6 | 3.92 | 40.31 | 44.23 | NOTE | |
r-release-macos-arm64 | 0.1-6 | 31.00 | NOTE | |||
r-release-macos-x86_64 | 0.1-6 | 44.00 | NOTE | |||
r-release-windows-x86_64 | 0.1-6 | 7.00 | 58.00 | 65.00 | NOTE | |
r-oldrel-macos-arm64 | 0.1-6 | 24.00 | NOTE | |||
r-oldrel-windows-x86_64 | 0.1-6 | 9.00 | 60.00 | 69.00 | NOTE |
Version: 0.1-6
Check: package dependencies
Result: NOTE
Packages suggested but not available for checking: 'sylly.de', 'sylly.es'
Flavors: r-devel-linux-x86_64-debian-clang, r-devel-linux-x86_64-debian-gcc, r-devel-linux-x86_64-fedora-clang, r-devel-linux-x86_64-fedora-gcc, r-prerel-macos-arm64, r-prerel-windows-x86_64, r-patched-linux-x86_64, r-release-linux-x86_64, r-release-macos-arm64, r-release-macos-x86_64, r-release-windows-x86_64, r-oldrel-macos-arm64, r-oldrel-windows-x86_64
Version: 0.1-6
Check: Rd files
Result: NOTE
checkRd: (-1) kRp.hyphen-methods.Rd:84: Lost braces in \itemize; meant \describe ?
checkRd: (-1) kRp.hyphen-methods.Rd:85: Lost braces in \itemize; meant \describe ?
checkRd: (-1) kRp.hyphen-methods.Rd:86: Lost braces in \itemize; meant \describe ?
checkRd: (-1) kRp.hyphen-methods.Rd:87: Lost braces in \itemize; meant \describe ?
checkRd: (-1) manage.hyph.pat.Rd:53: Lost braces in \itemize; meant \describe ?
checkRd: (-1) manage.hyph.pat.Rd:54: Lost braces in \itemize; meant \describe ?
checkRd: (-1) manage.hyph.pat.Rd:55: Lost braces in \itemize; meant \describe ?
checkRd: (-1) manage.hyph.pat.Rd:56: Lost braces in \itemize; meant \describe ?
Flavors: r-devel-linux-x86_64-debian-clang, r-devel-linux-x86_64-debian-gcc, r-devel-linux-x86_64-fedora-clang, r-devel-linux-x86_64-fedora-gcc, r-prerel-macos-arm64, r-prerel-windows-x86_64, r-patched-linux-x86_64