CRAN Package Check Results for Package synbreed

Last updated on 2018-07-19 18:49:42 CEST.

Flavor Version Tinstall Tcheck Ttotal Status Flags
r-devel-linux-x86_64-debian-clang 0.12-9 12.97 128.76 141.73 OK
r-devel-linux-x86_64-debian-gcc 0.12-9 12.24 116.14 128.38 OK
r-devel-linux-x86_64-fedora-clang 0.12-9 187.77 OK
r-devel-linux-x86_64-fedora-gcc 0.12-9 179.96 OK
r-devel-windows-ix86+x86_64 0.12-9 17.00 208.00 225.00 OK
r-patched-linux-x86_64 0.12-9 13.33 133.79 147.12 OK
r-patched-solaris-x86 0.12-9 254.40 OK
r-release-linux-x86_64 0.12-9 13.87 133.14 147.01 OK
r-release-windows-ix86+x86_64 0.12-9 33.00 152.00 185.00 OK
r-release-osx-x86_64 0.12-9 OK
r-oldrel-windows-ix86+x86_64 0.12-9 20.00 155.00 175.00 OK
r-oldrel-osx-x86_64 0.12-9 ERROR

Check Details

Version: 0.12-9
Check: package dependencies
Result: ERROR
    Package required but not available: ‘LDheatmap’
    
    See section ‘The DESCRIPTION file’ in the ‘Writing R Extensions’
    manual.
Flavor: r-oldrel-osx-x86_64