CRAN Package Check Results for Package synbreed

Last updated on 2018-01-21 16:49:29 CET.

Flavor Version Tinstall Tcheck Ttotal Status Flags
r-devel-linux-x86_64-debian-clang 0.12-6 4.33 126.38 130.71 NOTE
r-devel-linux-x86_64-debian-gcc 0.12-6 3.59 100.31 103.90 NOTE
r-devel-windows-ix86+x86_64 0.12-6 10.00 135.00 145.00 OK
r-patched-linux-x86_64 0.12-6 4.53 139.64 144.17 NOTE
r-patched-solaris-x86 0.12-6 253.80 NOTE
r-release-linux-x86_64 0.12-6 5.49 134.01 139.50 NOTE
r-release-windows-ix86+x86_64 0.12-6 15.00 146.00 161.00 OK
r-release-osx-x86_64 0.12-6 ERROR
r-oldrel-windows-ix86+x86_64 0.12-6 15.00 164.00 179.00 OK
r-oldrel-osx-x86_64 0.12-6 OK

Check Details

Version: 0.12-6
Check: S3 generic/method consistency
Result: NOTE
    Found the following apparent S3 methods exported but not registered:
     [.GenMap [.relationshipMatrix
    See section ‘Registering S3 methods’ in the ‘Writing R Extensions’
    manual.
Flavors: r-devel-linux-x86_64-debian-clang, r-devel-linux-x86_64-debian-gcc, r-patched-linux-x86_64, r-patched-solaris-x86, r-release-linux-x86_64

Version: 0.12-6
Check: package dependencies
Result: ERROR
    Package required but not available: ‘LDheatmap’
    
    See section ‘The DESCRIPTION file’ in the ‘Writing R Extensions’
    manual.
Flavor: r-release-osx-x86_64