Last updated on 2024-04-24 07:15:20 CEST.
Flavor | Version | Tinstall | Tcheck | Ttotal | Status | Flags |
---|---|---|---|---|---|---|
r-devel-linux-x86_64-debian-clang | 0.8.9 | 4.80 | 25.77 | 30.57 | OK | |
r-devel-linux-x86_64-debian-gcc | 0.8.9 | 3.27 | 19.72 | 22.99 | OK | |
r-devel-linux-x86_64-fedora-clang | 0.8.9 | 39.70 | OK | |||
r-devel-linux-x86_64-fedora-gcc | 0.8.9 | 38.00 | OK | |||
r-prerel-macos-arm64 | 0.8.9 | 22.00 | NOTE | |||
r-prerel-macos-x86_64 | 0.8.9 | 70.00 | NOTE | |||
r-prerel-windows-x86_64 | 0.8.9 | 16.00 | 56.00 | 72.00 | OK | |
r-patched-linux-x86_64 | 0.8.9 | 4.35 | 25.47 | 29.82 | OK | |
r-release-linux-x86_64 | 0.8.9 | 4.41 | 24.45 | 28.86 | OK | |
r-release-macos-arm64 | 0.8.9 | 29.00 | NOTE | |||
r-release-macos-x86_64 | 0.8.9 | 63.00 | NOTE | |||
r-release-windows-x86_64 | 0.8.9 | 19.00 | 58.00 | 77.00 | OK | |
r-oldrel-macos-arm64 | 0.8.9 | 28.00 | NOTE | |||
r-oldrel-windows-x86_64 | 0.8.9 | 8.00 | 54.00 | 62.00 | OK |
Version: 0.8.9
Check: installed package size
Result: NOTE
installed size is 19.8Mb
sub-directories of 1Mb or more:
fonts 1.8Mb
libs 17.9Mb
Flavors: r-prerel-macos-arm64, r-prerel-macos-x86_64, r-release-macos-arm64, r-release-macos-x86_64, r-oldrel-macos-arm64