Last updated on 2024-03-28 17:49:44 CET.
Flavor | Version | Tinstall | Tcheck | Ttotal | Status | Flags |
---|---|---|---|---|---|---|
r-devel-linux-x86_64-debian-clang | 0.6.0 | 3.28 | 26.40 | 29.68 | NOTE | |
r-devel-linux-x86_64-debian-gcc | 0.6.0 | 2.52 | 20.47 | 22.99 | NOTE | |
r-devel-linux-x86_64-fedora-clang | 0.6.0 | 37.26 | NOTE | |||
r-devel-linux-x86_64-fedora-gcc | 0.6.0 | 36.14 | NOTE | |||
r-devel-windows-x86_64 | 0.6.0 | 5.00 | 43.00 | 48.00 | NOTE | |
r-patched-linux-x86_64 | 0.6.0 | 6.83 | 25.83 | 32.66 | NOTE | |
r-release-linux-x86_64 | 0.6.0 | 2.84 | 25.21 | 28.05 | NOTE | |
r-release-macos-arm64 | 0.6.0 | 16.00 | NOTE | |||
r-release-macos-x86_64 | 0.6.0 | 20.00 | NOTE | |||
r-release-windows-x86_64 | 0.6.0 | 5.00 | 45.00 | 50.00 | NOTE | |
r-oldrel-macos-arm64 | 0.6.0 | 17.00 | NOTE | |||
r-oldrel-windows-x86_64 | 0.6.0 | 5.00 | 44.00 | 49.00 | NOTE |
Version: 0.6.0
Check: LazyData
Result: NOTE
'LazyData' is specified without a 'data' directory
Flavors: r-devel-linux-x86_64-debian-clang, r-devel-linux-x86_64-debian-gcc, r-devel-linux-x86_64-fedora-clang, r-devel-linux-x86_64-fedora-gcc, r-devel-windows-x86_64, r-patched-linux-x86_64, r-release-linux-x86_64, r-release-macos-arm64, r-release-macos-x86_64, r-release-windows-x86_64, r-oldrel-macos-arm64, r-oldrel-windows-x86_64