Last updated on 2024-04-19 06:56:34 CEST.
Flavor | Version | Tinstall | Tcheck | Ttotal | Status | Flags |
---|---|---|---|---|---|---|
r-devel-linux-x86_64-debian-clang | 0.9.9.23 | 4.10 | 43.98 | 48.08 | NOTE | |
r-devel-linux-x86_64-debian-gcc | 0.9.9.23 | NOTE | ||||
r-devel-linux-x86_64-fedora-clang | 0.9.9.23 | 61.98 | NOTE | |||
r-devel-linux-x86_64-fedora-gcc | 0.9.9.23 | 59.43 | NOTE | |||
r-prerel-macos-arm64 | 0.9.9.23 | 22.00 | NOTE | |||
r-prerel-windows-x86_64 | 0.9.9.23 | 4.00 | 60.00 | 64.00 | NOTE | |
r-patched-linux-x86_64 | 0.9.9.23 | 5.14 | 42.03 | 47.17 | NOTE | |
r-release-linux-x86_64 | 0.9.9.23 | 4.48 | 40.90 | 45.38 | OK | |
r-release-macos-arm64 | 0.9.9.23 | 31.00 | OK | |||
r-release-macos-x86_64 | 0.9.9.23 | 40.00 | OK | |||
r-release-windows-x86_64 | 0.9.9.23 | 5.00 | 66.00 | 71.00 | OK | |
r-oldrel-macos-arm64 | 0.9.9.23 | 36.00 | OK | |||
r-oldrel-windows-x86_64 | 0.9.9.23 | 7.00 | 64.00 | 71.00 | OK |
Version: 0.9.9.23
Check: Rd files
Result: NOTE
checkRd: (-1) tcata.line.plot.Rd:72: Lost braces; missing escapes or markup?
72 | \item{las}{numeric in {0,1,2,3}; the style of the axis labels. See \code{\link[graphics]{par}}.}
| ^
checkRd: (-1) tds.plot.Rd:27: Lost braces; missing escapes or markup?
27 | \item{las}{numeric in {0,1,2,3}; the style of the axis labels. See: \code{\link[graphics]{par}}}
| ^
Flavors: r-devel-linux-x86_64-debian-clang, r-devel-linux-x86_64-debian-gcc, r-devel-linux-x86_64-fedora-clang, r-devel-linux-x86_64-fedora-gcc, r-prerel-macos-arm64, r-prerel-windows-x86_64, r-patched-linux-x86_64