Last updated on 2024-03-28 17:49:44 CET.
Flavor | Version | Tinstall | Tcheck | Ttotal | Status | Flags |
---|---|---|---|---|---|---|
r-devel-linux-x86_64-debian-clang | 1.0-8 | 2.84 | 25.68 | 28.52 | OK | |
r-devel-linux-x86_64-debian-gcc | 1.0-8 | 2.20 | 19.62 | 21.82 | OK | |
r-devel-linux-x86_64-fedora-clang | 1.0-8 | 36.01 | NOTE | |||
r-devel-linux-x86_64-fedora-gcc | 1.0-8 | 35.15 | NOTE | |||
r-devel-windows-x86_64 | 1.0-8 | 4.00 | 43.00 | 47.00 | OK | |
r-patched-linux-x86_64 | 1.0-8 | 3.10 | 25.42 | 28.52 | OK | |
r-release-linux-x86_64 | 1.0-8 | 2.85 | 24.88 | 27.73 | OK | |
r-release-macos-arm64 | 1.0-8 | 16.00 | OK | |||
r-release-macos-x86_64 | 1.0-8 | 22.00 | OK | |||
r-release-windows-x86_64 | 1.0-8 | 4.00 | 43.00 | 47.00 | OK | |
r-oldrel-macos-arm64 | 1.0-8 | 18.00 | OK | |||
r-oldrel-windows-x86_64 | 1.0-8 | 5.00 | 43.00 | 48.00 | OK |
Version: 1.0-8
Check: Rd cross-references
Result: NOTE
Undeclared package ‘NLP’ in Rd xrefs
Flavor: r-devel-linux-x86_64-fedora-clang
Version: 1.0-8
Check: data for non-ASCII characters
Result: NOTE
Note: found 10051 marked UTF-8 strings
Note: found 10523 strings marked as "bytes"
Flavors: r-devel-linux-x86_64-fedora-clang, r-devel-linux-x86_64-fedora-gcc