Last updated on 2024-04-24 07:15:20 CEST.
Flavor | Version | Tinstall | Tcheck | Ttotal | Status | Flags |
---|---|---|---|---|---|---|
r-devel-linux-x86_64-debian-clang | 0.1.5 | 24.89 | 78.18 | 103.07 | NOTE | |
r-devel-linux-x86_64-debian-gcc | 0.1.5 | 19.29 | 60.95 | 80.24 | NOTE | |
r-devel-linux-x86_64-fedora-clang | 0.1.5 | 132.91 | NOTE | |||
r-devel-linux-x86_64-fedora-gcc | 0.1.5 | 145.66 | NOTE | |||
r-prerel-macos-arm64 | 0.1.5 | 44.00 | NOTE | |||
r-prerel-windows-x86_64 | 0.1.5 | 23.00 | 137.00 | 160.00 | NOTE | |
r-patched-linux-x86_64 | 0.1.5 | 26.48 | 77.33 | 103.81 | NOTE | |
r-release-linux-x86_64 | 0.1.5 | 21.72 | 76.27 | 97.99 | OK | |
r-release-macos-arm64 | 0.1.5 | 46.00 | OK | |||
r-release-macos-x86_64 | 0.1.5 | 74.00 | OK | |||
r-release-windows-x86_64 | 0.1.5 | 28.00 | 132.00 | 160.00 | OK | |
r-oldrel-macos-arm64 | 0.1.5 | 40.00 | OK | |||
r-oldrel-windows-x86_64 | 0.1.5 | 27.00 | 128.00 | 155.00 | OK |
Version: 0.1.5
Check: Rd files
Result: NOTE
checkRd: (-1) make.phrase.matrix.Rd:20: Lost braces
20 | \\tabular{rrrrr}{
| ^
checkRd: (-1) make.phrase.matrix.Rd:20-23: Lost braces
20 | \\tabular{rrrrr}{
| ^
Flavors: r-devel-linux-x86_64-debian-clang, r-devel-linux-x86_64-debian-gcc, r-devel-linux-x86_64-fedora-clang, r-devel-linux-x86_64-fedora-gcc, r-prerel-macos-arm64, r-prerel-windows-x86_64, r-patched-linux-x86_64