Last updated on 2024-03-28 17:49:45 CET.
Flavor | Version | Tinstall | Tcheck | Ttotal | Status | Flags |
---|---|---|---|---|---|---|
r-devel-linux-x86_64-debian-clang | 1.39 | 10.66 | 69.05 | 79.71 | NOTE | |
r-devel-linux-x86_64-debian-gcc | 1.39 | 8.84 | 50.94 | 59.78 | NOTE | |
r-devel-linux-x86_64-fedora-clang | 1.39 | 96.69 | NOTE | |||
r-devel-linux-x86_64-fedora-gcc | 1.39 | 97.64 | NOTE | |||
r-devel-windows-x86_64 | 1.39 | 14.00 | 79.00 | 93.00 | NOTE | |
r-patched-linux-x86_64 | 1.39 | 14.89 | 61.25 | 76.14 | NOTE | |
r-release-linux-x86_64 | 1.39 | 10.20 | 60.08 | 70.28 | OK | |
r-release-macos-arm64 | 1.39 | 29.00 | OK | |||
r-release-macos-x86_64 | 1.39 | 47.00 | OK | |||
r-release-windows-x86_64 | 1.39 | 13.00 | 89.00 | 102.00 | OK | |
r-oldrel-macos-arm64 | 1.39 | 28.00 | OK | |||
r-oldrel-windows-x86_64 | 1.39 | 17.00 | 87.00 | 104.00 | OK |
Version: 1.39
Check: Rd files
Result: NOTE
checkRd: (-1) tierChart.Rd:332: Lost braces
332 | If the input argument code{boxes} is \code{F}, the \code{lBox},
| ^
Flavors: r-devel-linux-x86_64-debian-clang, r-devel-linux-x86_64-debian-gcc, r-devel-linux-x86_64-fedora-clang, r-devel-linux-x86_64-fedora-gcc, r-devel-windows-x86_64, r-patched-linux-x86_64