Last updated on 2024-03-28 06:01:41 CET.
Flavor | Version | Tinstall | Tcheck | Ttotal | Status | Flags |
---|---|---|---|---|---|---|
r-devel-linux-x86_64-debian-clang | 0.0.5 | 34.95 | 363.14 | 398.09 | OK | |
r-devel-linux-x86_64-debian-gcc | 0.0.5 | 24.46 | 274.91 | 299.37 | OK | |
r-devel-linux-x86_64-fedora-clang | 0.0.5 | 498.09 | OK | |||
r-devel-linux-x86_64-fedora-gcc | 0.0.5 | 502.28 | OK | |||
r-devel-windows-x86_64 | 0.0.5 | 26.00 | 244.00 | 270.00 | OK | |
r-patched-linux-x86_64 | 0.0.5 | 27.36 | 359.14 | 386.50 | OK | |
r-release-linux-x86_64 | 0.0.5 | 22.28 | 361.36 | 383.64 | OK | |
r-release-macos-arm64 | 0.0.5 | 11.00 | ERROR | |||
r-release-macos-x86_64 | 0.0.5 | 7.00 | ERROR | |||
r-release-windows-x86_64 | 0.0.5 | 35.00 | 335.00 | 370.00 | OK | |
r-oldrel-macos-arm64 | 0.0.5 | 130.00 | OK | |||
r-oldrel-windows-x86_64 | 0.0.5 | 37.00 | 344.00 | 381.00 | OK |
Version: 0.0.5
Check: package dependencies
Result: ERROR
Package required but not available: ‘phyloseq’
Package suggested but not available for checking: ‘adaptiveGPCA’
See section ‘The DESCRIPTION file’ in the ‘Writing R Extensions’
manual.
Flavors: r-release-macos-arm64, r-release-macos-x86_64