Last updated on 2024-05-07 18:50:05 CEST.
Flavor | Version | Tinstall | Tcheck | Ttotal | Status | Flags |
---|---|---|---|---|---|---|
r-devel-linux-x86_64-debian-clang | 1.0.0 | 7.66 | 75.04 | 82.70 | NOTE | |
r-devel-linux-x86_64-debian-gcc | 1.0.0 | 6.35 | 54.44 | 60.79 | NOTE | |
r-devel-linux-x86_64-fedora-clang | 1.0.0 | 102.31 | NOTE | |||
r-devel-linux-x86_64-fedora-gcc | 1.0.0 | 151.85 | NOTE | |||
r-devel-windows-x86_64 | 1.0.0 | 8.00 | 80.00 | 88.00 | NOTE | |
r-patched-linux-x86_64 | 1.0.0 | 9.22 | 69.78 | 79.00 | NOTE | |
r-release-linux-x86_64 | 1.0.0 | 7.09 | 70.84 | 77.93 | NOTE | |
r-release-macos-arm64 | 1.0.0 | 32.00 | NOTE | |||
r-release-windows-x86_64 | 1.0.0 | 8.00 | 78.00 | 86.00 | NOTE | |
r-oldrel-macos-arm64 | 1.0.0 | 35.00 | NOTE | |||
r-oldrel-macos-x86_64 | 1.0.0 | 67.00 | NOTE | |||
r-oldrel-windows-x86_64 | 1.0.0 | 10.00 | 87.00 | 97.00 | NOTE |
Version: 1.0.0
Check: package dependencies
Result: NOTE
Packages suggested but not available for checking: 'rrelaxiv', 'gurobi'
Flavors: r-devel-linux-x86_64-debian-clang, r-devel-linux-x86_64-debian-gcc, r-devel-linux-x86_64-fedora-clang, r-devel-linux-x86_64-fedora-gcc, r-devel-windows-x86_64, r-patched-linux-x86_64, r-release-linux-x86_64, r-release-macos-arm64, r-release-windows-x86_64, r-oldrel-macos-arm64, r-oldrel-macos-x86_64, r-oldrel-windows-x86_64